{"id":1082,"date":"2019-02-10T10:05:49","date_gmt":"2019-02-10T09:05:49","guid":{"rendered":"http:\/\/hosting6931516.az.pl\/movementarena.pl\/?page_id=1082"},"modified":"2021-12-17T13:47:17","modified_gmt":"2021-12-17T12:47:17","slug":"polityka-prywatnosci","status":"publish","type":"page","link":"https:\/\/movementarena.pl\/gdansk\/polityka-prywatnosci\/","title":{"rendered":"Polityka prywatno\u015bci"},"content":{"rendered":"<p style=\"text-align: center;\"><strong>Informacja o przetwarzaniu danych osobowych przez Klub Sportowy Movement<\/strong><\/p>\n<p style=\"text-align: left;\">Dzia\u0142aj\u0105c na podstawie Rozporz\u0105dzenia Parlamentu Europejskiego i Rady (UE) 2016\/679 z<br \/>\n27.04.2016 r. w sprawie ochrony os\u00f3b fizycznych w zwi\u0105zku z przetwarzaniem danych osobowych i<br \/>\nw sprawie swobodnego przep\u0142ywu takich danych oraz uchylenia dyrektywy 95\/46\/WE (og\u00f3lne<br \/>\nrozporz\u0105dzenie o ochronie danych) (Dz.Urz. UE L 119, s. 1) (zwanego dalej: RODO) niniejszym<br \/>\ninformuj\u0119, \u017ce:<\/p>\n<p style=\"text-align: left;\"><strong>I.<\/strong> Administratorem Pani\/Pana danych osobowych jest Klub Sportowy \u201eMovement\u201d, ul.Przytulna 7\/4, Gda\u0144sk 80-176, NIP 5833130723 REGON 221229800, zarz\u0105dzaj\u0105cy obiektem Movement Arena, ul. Pokole\u0144 Lechii Gda\u0144sk 1, 80-560, Stadion Energa Gda\u0144sk (dalej jako: \u201eAdministrator\u201d).<\/p>\n<p style=\"text-align: left;\"><strong>II.<\/strong> Cel przetwarzania oraz czas przechowywania Pana\/Pani danych osobowych:<\/p>\n<p style=\"text-align: left;\">1. Pana\/Pani dane osobowe b\u0119d\u0105 przetwarzane w celu:<\/p>\n<p style=\"text-align: left;\">a) dane osobowe przekazywane podczas podpisywania zg\u00f3d na uczestnictwo podopiecznych w<br \/>\nzaj\u0119ciach \u2013 w celu realzacji us\u0142ugi prowadzenia zaj\u0119\u0107 przy mo\u017cliwo\u015bci w\u0142a\u015bciwej identyfikacji<br \/>\nopiekun\u00f3w os\u00f3b \u0107wicz\u0105cych, w celu kontaktu z osobami korzystaj\u0105cymi z trening\u00f3w b\u0105d\u017a ich<br \/>\nrodzicami\/opiekunami,<\/p>\n<p style=\"text-align: left;\">b) dane osobowe przekazywane podczas podpisywania um\u00f3w\/wype\u0142niania dokument\u00f3w<br \/>\nniezb\u0119dnych do realizacji us\u0142ug organizowanych przez Klub Sportowy \u201eMovement\u201d oraz \u201eMovement<br \/>\nArena\u201d, m.in.: p\u00f3\u0142kolonii, oboz\u00f3w, zawod\u00f3w \u2013 w celu realizacji tych us\u0142ug oraz na potrzeby<br \/>\nniezb\u0119dne do zapewnienia bezpiecze\u0144stwa i ochrony zdrowia uczestnik\u00f3w,<\/p>\n<p style=\"text-align: left;\">c) dane osobowe przekazywane podczas podpisywania um\u00f3w lojalno\u015bciowych \u2013 w celu realizacji<br \/>\numowy zawartej z klientem,<\/p>\n<p style=\"text-align: left;\">d) dane osobowe przekazywane w momencie podpisywania akceptacji regulaminu obiektu \u2013 w celu potwierdzenia zapoznania si\u0119 z tre\u015bci\u0105 regulaminu obiektu Movement Arena,<\/p>\n<p style=\"text-align: left;\">e) dane osobowe przekazywane w celach zwi\u0105zanych z korzystaniem z us\u0142ug p\u0142atniczych<br \/>\ndost\u0119pnych na stronie internetowej prowadzonej przez Klub Sportowy Movement &#8211; w celach<br \/>\nzwi\u0105zanych ze \u015bwiadczeniem us\u0142ug p\u0142atniczych, w szczeg\u00f3lno\u015bci w zakresie niezb\u0119dnym do<br \/>\nzapobiegania oszustwom zwi\u0105zanym z wykonywanymi us\u0142ugami p\u0142atniczymi oraz dochodzenia i<br \/>\nwykrywania tego rodzaju oszustw, a tak\u017ce identyfikacji P\u0142atnika w zakresie wynikaj\u0105cym z<br \/>\nprzepis\u00f3w prawa na podstawie Art. 6 ust. 1 lit. a og\u00f3lnego rozporz\u0105dzenia o ochronie danych<br \/>\nosobowych z dnia 27 kwietnia 2016 r.<br \/>\nPa\u0144stwa dane b\u0119d\u0105 przechowywane i przetwarzane do czasu cofni\u0119cia przez Pa\u0144stwa zgody.<\/p>\n<p style=\"text-align: left;\">2. Po up\u0142ywie okresu przechowywania danych wskazanego w ust.1 powy\u017cej, Pani\/Pana dane<br \/>\nosobowe mog\u0105 by\u0107 przechowywane w celu:<\/p>\n<p style=\"text-align: left;\">a) dochodzenia rozliczalno\u015bci (wykazania spe\u0142nienia przez Administratora obowi\u0105zk\u00f3w<br \/>\nwynikaj\u0105cych z przepis\u00f3w prawa),<\/p>\n<p style=\"text-align: left;\">b) dochodzenia ewentualnych roszcze\u0144 w zwi\u0105zku z wykonaniem umowy, windykacji nale\u017cno\u015bci,<br \/>\ndochodzenia odszkodowa\u0144, prowadzenia post\u0119powa\u0144 s\u0105dowych, arbitra\u017cowych czy mediacyjnych,<\/p>\n<p style=\"text-align: left;\">c) dochodzenia to\u017csamo\u015bci os\u00f3b dopuszczaj\u0105cych si\u0119 \u0142amania regulaminu obiektu sportowego<br \/>\nMovement Arena oraz regulaminu zaj\u0119\u0107 Klubu Sportowego Movement.<\/p>\n<p style=\"text-align: left;\"><strong>III.<\/strong> Klubowiczowi przys\u0142uguje prawo dost\u0119pu do tre\u015bci swoich danych oraz prawo ich sprostowania,<br \/>\nusuni\u0119cia, ograniczenia przetwarzania, prawo do przenoszenia danych, prawo wniesienia sprzeciwu,<br \/>\nprawo do cofni\u0119cia zgody na ich przetwarzanie w dowolnym momencie bez wp\u0142ywu na zgodno\u015b\u0107 z<br \/>\nprawem przetwarzania, kt\u00f3rego dokonano na podstawie zgody wyra\u017conej przed jej cofni\u0119ciem.<br \/>\nJednocze\u015bnie informujemy, i\u017c wycofywanie zgody nie mo\u017ce dotyczy\u0107 zakresu danych, dla kt\u00f3rych<br \/>\nistniej\u0105 prawnie uzasadnione podstawy do przetwarzania.<\/p>\n<p style=\"text-align: left;\"><strong>IV.<\/strong> Klubowiczowi przys\u0142uguje prawo wniesienia skargi do Prezesa Urz\u0119du Ochrony Danych<br \/>\nOsobowych, w przypadku uznania, \u017ce przetwarzanie jego danych osobowych narusza<br \/>\npostanowienia RODO.<\/p>\n<p style=\"text-align: left;\"><strong>V.<\/strong> W celu cofni\u0119cia zgody na przetwarzanie danych osobowych Klubowicz powinien kontaktowa\u0107 si\u0119<br \/>\ne-mailowo: biuro@movementarena.pl b\u0105d\u017a telefonicznie: 798-798-882.<\/p>\n<p style=\"text-align: left;\"><strong>VI.<\/strong> Administrator b\u0119dzie udost\u0119pnia\u0142 Pani\/Pana dane osobowe innym podmiotom (odbiorcom):<\/p>\n<p style=\"text-align: left;\">1. System GYMMANAGER, Firma Sharptec Mateusz Ropka, 31-864 Krak\u00f3w, ul. prof. Micha\u0142a<br \/>\n\u017byczkowskiego 14, NIP: 5130049645, REGON: 122633400.<\/p>\n<p style=\"text-align: left;\">2. PayPro Sp\u00f3\u0142ka Akcyjna z siedzib\u0105 w Poznaniu przy ul. Kanclerskiej 15, 60-357 Pozna\u0144, NIP<br \/>\n7792369887.<\/p>\n<p style=\"text-align: left;\">3. Innym dostawcom us\u0142ug p\u0142atniczych, w zakresie w jakim dane musz\u0105 by\u0107 im przekazywane w<br \/>\nzwi\u0105zku ze \u015bwiadczeniem us\u0142ug p\u0142atniczych, a tak\u017ce w innych przypadkach gdy podmioty te<br \/>\nuprawnione s\u0105 do uzyskania od Administratora informacji, w tym informacji zawieraj\u0105cych<br \/>\ndane osobowe; w szczeg\u00f3lno\u015bci obejmuje to banki i oddzia\u0142y bank\u00f3w zagranicznych,<br \/>\ninstytucje kredytowe, instytucje pieni\u0105dza elektronicznego, instytucje p\u0142atnicze, operator\u00f3w<br \/>\nkart kredytowych, p\u0142atniczych, wirtualnych.<\/p>\n<p style=\"text-align: left;\">4. Inne ni\u017c wskazane powy\u017cej podmioty, kt\u00f3re na podstawie przepis\u00f3w prawa uprawnione s\u0105<br \/>\ndo uzyskiwania od Administratora informacji zwi\u0105zanych z dzia\u0142alno\u015bci\u0105 Administratora,<br \/>\nkt\u00f3re to informacje mog\u0105 obejmowa\u0107 Twoje dane osobowe, w tym w szczeg\u00f3lno\u015bci organy<br \/>\nnadzorcze wobec Administratora.<\/p>\n<p style=\"text-align: left;\"><strong>VII.<\/strong> Administrator nie b\u0119dzie przekazywa\u0142 Pani\/Pana danych osobowych do pa\u0144stw trzecich.<\/p>\n<p>&nbsp;<\/p>\n<p style=\"text-align: center;\"><strong>RODO \u2013 PRAWA KLIENTA<\/strong><\/p>\n<p style=\"text-align: left;\"><strong>Prawa klienta:<\/strong><br \/>\n&#8211; prawo do dost\u0119pu do swoich danych osobowych,<br \/>\n&#8211; prawo do sprostowania danych osobowych,<br \/>\n&#8211; prawo do przenoszenia danych,<br \/>\n&#8211; prawo do usuni\u0119cia lub ograniczenia przetwarzania danych osobowych,<br \/>\n&#8211; prawo do sprzeciwu wobec dalszego przetwarzania danych osobowych,<br \/>\n&#8211; prawo do cofni\u0119cia udzielonej zgody na przetwarzanie danych.<\/p>\n<p style=\"text-align: left;\">W ka\u017cdej chwili ma Pan\/Pani prawo cofn\u0105\u0107 zgod\u0119 b\u0119d\u0105c\u0105 podstaw\u0105 przetwarzania Pana\/Pani<br \/>\ndanych osobowych. Jednocze\u015bnie wskazujemy Pa\u0144stwu, i\u017c wycofywanie zgody nie mo\u017ce dotyczy\u0107<br \/>\nzakresu danych, dla kt\u00f3rych podstaw\u0105 przetwarzania danych jest zawarta umowa, b\u0105d\u017a inne<br \/>\nzobowi\u0105zanie d\u0142ugoterminowe, a\u017c do czasu ich wypowiedzenia, zerwania lub zako\u0144czenia, jak<br \/>\nr\u00f3wnie\u017c tych danych, dla kt\u00f3rych istniej\u0105 prawnie uzasadnione podstawy do przetwarzania.<\/p>\n<p style=\"text-align: left;\">W celu wycofania zgody wystarczy skierowa\u0107 pisemne o\u015bwiadczenie o cofni\u0119ciu zgody i przes\u0142a\u0107 je<br \/>\ndo nas poczt\u0105 lub na nas adres mailowy.<\/p>\n<p style=\"text-align: left;\">Po cofni\u0119ciu przez Pana\/Pani\u0105 niniejszej zgody, Klub Sportowy Movement niezw\u0142ocznie zaprzestanie przetwarzania niniejszych danych osobowych.<\/p>\n<p style=\"text-align: left;\">Jednocze\u015bnie informujemy, i\u017c cofni\u0119cie zgody nie wp\u0142ynie na zgodno\u015b\u0107 z prawem dotychczasowego<br \/>\nprzetwarzania, kt\u00f3rego dokonano na podstawie zgody przed jej wycofaniem.<\/p>\n","protected":false},"excerpt":{"rendered":"<p>Informacja o przetwarzaniu danych osobowych przez Klub Sportowy Movement Dzia\u0142aj\u0105c na podstawie Rozporz\u0105dzenia Parlamentu Europejskiego i Rady (UE) 2016\/679 z 27.04.2016 r. w sprawie ochrony os\u00f3b fizycznych w zwi\u0105zku z przetwarzaniem danych osobowych i w sprawie swobodnego przep\u0142ywu takich danych oraz uchylenia dyrektywy 95\/46\/WE (og\u00f3lne rozporz\u0105dzenie o ochronie danych) (Dz.Urz. UE L 119, s. 1)&#8230;<\/p>\n","protected":false},"author":1,"featured_media":0,"parent":0,"menu_order":0,"comment_status":"closed","ping_status":"closed","template":"","meta":{"_mi_skip_tracking":false,"_monsterinsights_sitenote_active":false,"_monsterinsights_sitenote_note":"","_monsterinsights_sitenote_category":0,"_mbp_gutenberg_autopost":false,"footnotes":""},"class_list":["post-1082","page","type-page","status-publish","hentry"],"yoast_head":"<!-- This site is optimized with the Yoast SEO plugin v23.4 - https:\/\/yoast.com\/wordpress\/plugins\/seo\/ -->\n<title>Polityka prywatno\u015bci - Movement Arena - Parkour | trampoliny | kalistenika | fitness. - Zaj\u0119cia sportowe parkour dla dzieci<\/title>\n<meta name=\"description\" content=\"Movement Arena to pierwsza sala do parkour w Polsce. Bezpieczne przeszkody, trampoliny, strefa ta\u0144ca z lustrami. Zapraszamy na zaj\u0119cia sportowe dla dzieci - parkour, trampoliny, skoki na poduch\u0119 powietrzn\u0105! Sportowe urodziny dla dzieci.\" \/>\n<meta name=\"robots\" content=\"index, follow, max-snippet:-1, max-image-preview:large, max-video-preview:-1\" \/>\n<link rel=\"canonical\" href=\"https:\/\/movementarena.pl\/gdansk\/polityka-prywatnosci\/\" \/>\n<meta property=\"og:locale\" content=\"pl_PL\" \/>\n<meta property=\"og:type\" content=\"article\" \/>\n<meta property=\"og:title\" content=\"Polityka prywatno\u015bci - Movement Arena - Parkour | trampoliny | kalistenika | fitness. - Zaj\u0119cia sportowe parkour dla dzieci\" \/>\n<meta property=\"og:description\" content=\"Movement Arena to pierwsza sala do parkour w Polsce. Bezpieczne przeszkody, trampoliny, strefa ta\u0144ca z lustrami. Zapraszamy na zaj\u0119cia sportowe dla dzieci - parkour, trampoliny, skoki na poduch\u0119 powietrzn\u0105! Sportowe urodziny dla dzieci.\" \/>\n<meta property=\"og:url\" content=\"https:\/\/movementarena.pl\/gdansk\/polityka-prywatnosci\/\" \/>\n<meta property=\"og:site_name\" content=\"Movement Arena - Parkour | trampoliny | kalistenika | fitness.\" \/>\n<meta property=\"article:publisher\" content=\"https:\/\/www.facebook.com\/movementarena\/\" \/>\n<meta property=\"article:modified_time\" content=\"2021-12-17T12:47:17+00:00\" \/>\n<meta name=\"twitter:card\" content=\"summary_large_image\" \/>\n<meta name=\"twitter:label1\" content=\"Szacowany czas czytania\" \/>\n\t<meta name=\"twitter:data1\" content=\"4 minuty\" \/>\n<script type=\"application\/ld+json\" class=\"yoast-schema-graph\">{\"@context\":\"https:\/\/schema.org\",\"@graph\":[{\"@type\":\"WebPage\",\"@id\":\"https:\/\/movementarena.pl\/gdansk\/polityka-prywatnosci\/\",\"url\":\"https:\/\/movementarena.pl\/gdansk\/polityka-prywatnosci\/\",\"name\":\"Polityka prywatno\u015bci - Movement Arena - Parkour | trampoliny | kalistenika | fitness. - Zaj\u0119cia sportowe parkour dla dzieci\",\"isPartOf\":{\"@id\":\"https:\/\/movementarena.pl\/gdansk\/#website\"},\"datePublished\":\"2019-02-10T09:05:49+00:00\",\"dateModified\":\"2021-12-17T12:47:17+00:00\",\"description\":\"Movement Arena to pierwsza sala do parkour w Polsce. Bezpieczne przeszkody, trampoliny, strefa ta\u0144ca z lustrami. Zapraszamy na zaj\u0119cia sportowe dla dzieci - parkour, trampoliny, skoki na poduch\u0119 powietrzn\u0105! Sportowe urodziny dla dzieci.\",\"breadcrumb\":{\"@id\":\"https:\/\/movementarena.pl\/gdansk\/polityka-prywatnosci\/#breadcrumb\"},\"inLanguage\":\"pl-PL\",\"potentialAction\":[{\"@type\":\"ReadAction\",\"target\":[\"https:\/\/movementarena.pl\/gdansk\/polityka-prywatnosci\/\"]}]},{\"@type\":\"BreadcrumbList\",\"@id\":\"https:\/\/movementarena.pl\/gdansk\/polityka-prywatnosci\/#breadcrumb\",\"itemListElement\":[{\"@type\":\"ListItem\",\"position\":1,\"name\":\"Strona g\u0142\u00f3wna\",\"item\":\"https:\/\/movementarena.pl\/gdansk\/\"},{\"@type\":\"ListItem\",\"position\":2,\"name\":\"Polityka prywatno\u015bci\"}]},{\"@type\":\"WebSite\",\"@id\":\"https:\/\/movementarena.pl\/gdansk\/#website\",\"url\":\"https:\/\/movementarena.pl\/gdansk\/\",\"name\":\"Movement Arena - Parkour | trampoliny | kalistenika | fitness.\",\"description\":\"Zaj\u0119cia sportowe dla dzieci | Parkour | Trampoliny\",\"publisher\":{\"@id\":\"https:\/\/movementarena.pl\/gdansk\/#organization\"},\"alternateName\":\"Movement Arena Gda\u0144sk\",\"potentialAction\":[{\"@type\":\"SearchAction\",\"target\":{\"@type\":\"EntryPoint\",\"urlTemplate\":\"https:\/\/movementarena.pl\/gdansk\/?s={search_term_string}\"},\"query-input\":{\"@type\":\"PropertyValueSpecification\",\"valueRequired\":true,\"valueName\":\"search_term_string\"}}],\"inLanguage\":\"pl-PL\"},{\"@type\":\"Organization\",\"@id\":\"https:\/\/movementarena.pl\/gdansk\/#organization\",\"name\":\"Movement Arena\",\"url\":\"https:\/\/movementarena.pl\/gdansk\/\",\"logo\":{\"@type\":\"ImageObject\",\"inLanguage\":\"pl-PL\",\"@id\":\"https:\/\/movementarena.pl\/gdansk\/#\/schema\/logo\/image\/\",\"url\":\"https:\/\/movementarena.pl\/gdansk\/wp-content\/uploads\/2021\/02\/logo-MovementArena-skrocone.jpg\",\"contentUrl\":\"https:\/\/movementarena.pl\/gdansk\/wp-content\/uploads\/2021\/02\/logo-MovementArena-skrocone.jpg\",\"width\":884,\"height\":843,\"caption\":\"Movement Arena\"},\"image\":{\"@id\":\"https:\/\/movementarena.pl\/gdansk\/#\/schema\/logo\/image\/\"},\"sameAs\":[\"https:\/\/www.facebook.com\/movementarena\/\",\"https:\/\/www.instagram.com\/movementarena\/\"]}]}<\/script>\n<!-- \/ Yoast SEO plugin. -->","yoast_head_json":{"title":"Polityka prywatno\u015bci - Movement Arena - Parkour | trampoliny | kalistenika | fitness. - Zaj\u0119cia sportowe parkour dla dzieci","description":"Movement Arena to pierwsza sala do parkour w Polsce. Bezpieczne przeszkody, trampoliny, strefa ta\u0144ca z lustrami. Zapraszamy na zaj\u0119cia sportowe dla dzieci - parkour, trampoliny, skoki na poduch\u0119 powietrzn\u0105! Sportowe urodziny dla dzieci.","robots":{"index":"index","follow":"follow","max-snippet":"max-snippet:-1","max-image-preview":"max-image-preview:large","max-video-preview":"max-video-preview:-1"},"canonical":"https:\/\/movementarena.pl\/gdansk\/polityka-prywatnosci\/","og_locale":"pl_PL","og_type":"article","og_title":"Polityka prywatno\u015bci - Movement Arena - Parkour | trampoliny | kalistenika | fitness. - Zaj\u0119cia sportowe parkour dla dzieci","og_description":"Movement Arena to pierwsza sala do parkour w Polsce. Bezpieczne przeszkody, trampoliny, strefa ta\u0144ca z lustrami. Zapraszamy na zaj\u0119cia sportowe dla dzieci - parkour, trampoliny, skoki na poduch\u0119 powietrzn\u0105! Sportowe urodziny dla dzieci.","og_url":"https:\/\/movementarena.pl\/gdansk\/polityka-prywatnosci\/","og_site_name":"Movement Arena - Parkour | trampoliny | kalistenika | fitness.","article_publisher":"https:\/\/www.facebook.com\/movementarena\/","article_modified_time":"2021-12-17T12:47:17+00:00","twitter_card":"summary_large_image","twitter_misc":{"Szacowany czas czytania":"4 minuty"},"schema":{"@context":"https:\/\/schema.org","@graph":[{"@type":"WebPage","@id":"https:\/\/movementarena.pl\/gdansk\/polityka-prywatnosci\/","url":"https:\/\/movementarena.pl\/gdansk\/polityka-prywatnosci\/","name":"Polityka prywatno\u015bci - Movement Arena - Parkour | trampoliny | kalistenika | fitness. - Zaj\u0119cia sportowe parkour dla dzieci","isPartOf":{"@id":"https:\/\/movementarena.pl\/gdansk\/#website"},"datePublished":"2019-02-10T09:05:49+00:00","dateModified":"2021-12-17T12:47:17+00:00","description":"Movement Arena to pierwsza sala do parkour w Polsce. Bezpieczne przeszkody, trampoliny, strefa ta\u0144ca z lustrami. Zapraszamy na zaj\u0119cia sportowe dla dzieci - parkour, trampoliny, skoki na poduch\u0119 powietrzn\u0105! Sportowe urodziny dla dzieci.","breadcrumb":{"@id":"https:\/\/movementarena.pl\/gdansk\/polityka-prywatnosci\/#breadcrumb"},"inLanguage":"pl-PL","potentialAction":[{"@type":"ReadAction","target":["https:\/\/movementarena.pl\/gdansk\/polityka-prywatnosci\/"]}]},{"@type":"BreadcrumbList","@id":"https:\/\/movementarena.pl\/gdansk\/polityka-prywatnosci\/#breadcrumb","itemListElement":[{"@type":"ListItem","position":1,"name":"Strona g\u0142\u00f3wna","item":"https:\/\/movementarena.pl\/gdansk\/"},{"@type":"ListItem","position":2,"name":"Polityka prywatno\u015bci"}]},{"@type":"WebSite","@id":"https:\/\/movementarena.pl\/gdansk\/#website","url":"https:\/\/movementarena.pl\/gdansk\/","name":"Movement Arena - Parkour | trampoliny | kalistenika | fitness.","description":"Zaj\u0119cia sportowe dla dzieci | Parkour | Trampoliny","publisher":{"@id":"https:\/\/movementarena.pl\/gdansk\/#organization"},"alternateName":"Movement Arena Gda\u0144sk","potentialAction":[{"@type":"SearchAction","target":{"@type":"EntryPoint","urlTemplate":"https:\/\/movementarena.pl\/gdansk\/?s={search_term_string}"},"query-input":{"@type":"PropertyValueSpecification","valueRequired":true,"valueName":"search_term_string"}}],"inLanguage":"pl-PL"},{"@type":"Organization","@id":"https:\/\/movementarena.pl\/gdansk\/#organization","name":"Movement Arena","url":"https:\/\/movementarena.pl\/gdansk\/","logo":{"@type":"ImageObject","inLanguage":"pl-PL","@id":"https:\/\/movementarena.pl\/gdansk\/#\/schema\/logo\/image\/","url":"https:\/\/movementarena.pl\/gdansk\/wp-content\/uploads\/2021\/02\/logo-MovementArena-skrocone.jpg","contentUrl":"https:\/\/movementarena.pl\/gdansk\/wp-content\/uploads\/2021\/02\/logo-MovementArena-skrocone.jpg","width":884,"height":843,"caption":"Movement Arena"},"image":{"@id":"https:\/\/movementarena.pl\/gdansk\/#\/schema\/logo\/image\/"},"sameAs":["https:\/\/www.facebook.com\/movementarena\/","https:\/\/www.instagram.com\/movementarena\/"]}]}},"_links":{"self":[{"href":"https:\/\/movementarena.pl\/gdansk\/wp-json\/wp\/v2\/pages\/1082","targetHints":{"allow":["GET"]}}],"collection":[{"href":"https:\/\/movementarena.pl\/gdansk\/wp-json\/wp\/v2\/pages"}],"about":[{"href":"https:\/\/movementarena.pl\/gdansk\/wp-json\/wp\/v2\/types\/page"}],"author":[{"embeddable":true,"href":"https:\/\/movementarena.pl\/gdansk\/wp-json\/wp\/v2\/users\/1"}],"replies":[{"embeddable":true,"href":"https:\/\/movementarena.pl\/gdansk\/wp-json\/wp\/v2\/comments?post=1082"}],"version-history":[{"count":9,"href":"https:\/\/movementarena.pl\/gdansk\/wp-json\/wp\/v2\/pages\/1082\/revisions"}],"predecessor-version":[{"id":5178,"href":"https:\/\/movementarena.pl\/gdansk\/wp-json\/wp\/v2\/pages\/1082\/revisions\/5178"}],"wp:attachment":[{"href":"https:\/\/movementarena.pl\/gdansk\/wp-json\/wp\/v2\/media?parent=1082"}],"curies":[{"name":"wp","href":"https:\/\/api.w.org\/{rel}","templated":true}]}}