{"id":6526,"date":"2022-11-04T10:28:19","date_gmt":"2022-11-04T09:28:19","guid":{"rendered":"https:\/\/movementarena.pl\/gdansk\/?page_id=6526"},"modified":"2022-11-04T10:51:29","modified_gmt":"2022-11-04T09:51:29","slug":"bezpieczenstwo","status":"publish","type":"page","link":"https:\/\/movementarena.pl\/gdansk\/bezpieczenstwo\/","title":{"rendered":"Bezpiecze\u0144stwo"},"content":{"rendered":"\t\t<div data-elementor-type=\"wp-page\" data-elementor-id=\"6526\" class=\"elementor elementor-6526\" data-elementor-post-type=\"page\">\n\t\t\t\t\t\t\t\t\t<section class=\"elementor-section elementor-top-section elementor-element elementor-element-dc04a4f elementor-section-boxed elementor-section-height-default elementor-section-height-default\" data-id=\"dc04a4f\" data-element_type=\"section\">\n\t\t\t\t\t\t<div class=\"elementor-container elementor-column-gap-default\">\n\t\t\t\t\t<div class=\"elementor-column elementor-col-100 elementor-top-column elementor-element elementor-element-9be8658\" data-id=\"9be8658\" data-element_type=\"column\">\n\t\t\t<div class=\"elementor-widget-wrap elementor-element-populated\">\n\t\t\t\t\t\t\t\t<div class=\"elementor-element elementor-element-84e80ca elementor-widget elementor-widget-heading\" data-id=\"84e80ca\" data-element_type=\"widget\" data-widget_type=\"heading.default\">\n\t\t\t\t<div class=\"elementor-widget-container\">\n\t\t\t<h2 class=\"elementor-heading-title elementor-size-default\">ZASADY BEZPIECZE\u0143STWA<\/h2>\t\t<\/div>\n\t\t\t\t<\/div>\n\t\t\t\t\t<\/div>\n\t\t<\/div>\n\t\t\t\t\t\t\t<\/div>\n\t\t<\/section>\n\t\t\t\t<section class=\"elementor-section elementor-top-section elementor-element elementor-element-c29fed7 elementor-section-boxed elementor-section-height-default elementor-section-height-default\" data-id=\"c29fed7\" data-element_type=\"section\">\n\t\t\t\t\t\t<div class=\"elementor-container elementor-column-gap-default\">\n\t\t\t\t\t<div class=\"elementor-column elementor-col-33 elementor-top-column elementor-element elementor-element-d115d66\" data-id=\"d115d66\" data-element_type=\"column\">\n\t\t\t<div class=\"elementor-widget-wrap elementor-element-populated\">\n\t\t\t\t\t\t\t\t<div class=\"elementor-element elementor-element-38ee42f elementor-widget elementor-widget-image\" data-id=\"38ee42f\" data-element_type=\"widget\" data-widget_type=\"image.default\">\n\t\t\t\t<div class=\"elementor-widget-container\">\n\t\t\t\t\t\t\t\t\t\t\t\t\t\t\t<img loading=\"lazy\" decoding=\"async\" width=\"1024\" height=\"636\" src=\"https:\/\/movementarena.pl\/gdansk\/wp-content\/uploads\/2022\/11\/limit_osob.webp\" class=\"attachment-large size-large wp-image-6535\" alt=\"\" srcset=\"https:\/\/movementarena.pl\/gdansk\/wp-content\/uploads\/2022\/11\/limit_osob.webp 1024w, https:\/\/movementarena.pl\/gdansk\/wp-content\/uploads\/2022\/11\/limit_osob-600x373.webp 600w, https:\/\/movementarena.pl\/gdansk\/wp-content\/uploads\/2022\/11\/limit_osob-300x186.webp 300w, https:\/\/movementarena.pl\/gdansk\/wp-content\/uploads\/2022\/11\/limit_osob-768x477.webp 768w\" sizes=\"auto, (max-width: 1024px) 100vw, 1024px\" \/>\t\t\t\t\t\t\t\t\t\t\t\t\t\t\t<\/div>\n\t\t\t\t<\/div>\n\t\t\t\t<div class=\"elementor-element elementor-element-08d9478 elementor-widget elementor-widget-heading\" data-id=\"08d9478\" data-element_type=\"widget\" data-widget_type=\"heading.default\">\n\t\t\t\t<div class=\"elementor-widget-container\">\n\t\t\t<h2 class=\"elementor-heading-title elementor-size-default\">LIMIT OS\u00d3B<\/h2>\t\t<\/div>\n\t\t\t\t<\/div>\n\t\t\t\t<div class=\"elementor-element elementor-element-0bac41b elementor-widget-divider--view-line elementor-widget elementor-widget-divider\" data-id=\"0bac41b\" data-element_type=\"widget\" data-widget_type=\"divider.default\">\n\t\t\t\t<div class=\"elementor-widget-container\">\n\t\t\t\t\t<div class=\"elementor-divider\">\n\t\t\t<span class=\"elementor-divider-separator\">\n\t\t\t\t\t\t<\/span>\n\t\t<\/div>\n\t\t\t\t<\/div>\n\t\t\t\t<\/div>\n\t\t\t\t<div class=\"elementor-element elementor-element-5b09097 elementor-align-left elementor-icon-list--layout-traditional elementor-list-item-link-full_width elementor-widget elementor-widget-icon-list\" data-id=\"5b09097\" data-element_type=\"widget\" data-widget_type=\"icon-list.default\">\n\t\t\t\t<div class=\"elementor-widget-container\">\n\t\t\t\t\t<ul class=\"elementor-icon-list-items\">\n\t\t\t\t\t\t\t<li class=\"elementor-icon-list-item\">\n\t\t\t\t\t\t\t\t\t\t\t<span class=\"elementor-icon-list-icon\">\n\t\t\t\t\t\t\t<i aria-hidden=\"true\" class=\"far fa-arrow-alt-circle-right\"><\/i>\t\t\t\t\t\t<\/span>\n\t\t\t\t\t\t\t\t\t\t<span class=\"elementor-icon-list-text\">Na sali obowi\u0105zuje limit os\u00f3b.<\/span>\n\t\t\t\t\t\t\t\t\t<\/li>\n\t\t\t\t\t\t\t\t<li class=\"elementor-icon-list-item\">\n\t\t\t\t\t\t\t\t\t\t\t<span class=\"elementor-icon-list-icon\">\n\t\t\t\t\t\t\t<i aria-hidden=\"true\" class=\"far fa-arrow-alt-circle-right\"><\/i>\t\t\t\t\t\t<\/span>\n\t\t\t\t\t\t\t\t\t\t<span class=\"elementor-icon-list-text\"> Pami\u0119taj o rezerwacji miejsc na zaj\u0119cia.<\/span>\n\t\t\t\t\t\t\t\t\t<\/li>\n\t\t\t\t\t\t\t\t<li class=\"elementor-icon-list-item\">\n\t\t\t\t\t\t\t\t\t\t\t<span class=\"elementor-icon-list-icon\">\n\t\t\t\t\t\t\t<i aria-hidden=\"true\" class=\"far fa-arrow-alt-circle-right\"><\/i>\t\t\t\t\t\t<\/span>\n\t\t\t\t\t\t\t\t\t\t<span class=\"elementor-icon-list-text\">Poinformuj nas, je\u017celi si\u0119 nie pojawisz.<\/span>\n\t\t\t\t\t\t\t\t\t<\/li>\n\t\t\t\t\t\t<\/ul>\n\t\t\t\t<\/div>\n\t\t\t\t<\/div>\n\t\t\t\t\t<\/div>\n\t\t<\/div>\n\t\t\t\t<div class=\"elementor-column elementor-col-33 elementor-top-column elementor-element elementor-element-f36aacb\" data-id=\"f36aacb\" data-element_type=\"column\" data-settings=\"{&quot;background_background&quot;:&quot;classic&quot;}\">\n\t\t\t<div class=\"elementor-widget-wrap elementor-element-populated\">\n\t\t\t\t\t\t\t\t<div class=\"elementor-element elementor-element-16de06d elementor-widget elementor-widget-image\" data-id=\"16de06d\" data-element_type=\"widget\" data-widget_type=\"image.default\">\n\t\t\t\t<div class=\"elementor-widget-container\">\n\t\t\t\t\t\t\t\t\t\t\t\t\t\t\t<img loading=\"lazy\" decoding=\"async\" width=\"1024\" height=\"636\" src=\"https:\/\/movementarena.pl\/gdansk\/wp-content\/uploads\/2022\/11\/podpis.jpg\" class=\"attachment-large size-large wp-image-6531\" alt=\"\" srcset=\"https:\/\/movementarena.pl\/gdansk\/wp-content\/uploads\/2022\/11\/podpis.jpg 1024w, https:\/\/movementarena.pl\/gdansk\/wp-content\/uploads\/2022\/11\/podpis-600x373.jpg 600w, https:\/\/movementarena.pl\/gdansk\/wp-content\/uploads\/2022\/11\/podpis-300x186.jpg 300w, https:\/\/movementarena.pl\/gdansk\/wp-content\/uploads\/2022\/11\/podpis-768x477.jpg 768w\" sizes=\"auto, (max-width: 1024px) 100vw, 1024px\" \/>\t\t\t\t\t\t\t\t\t\t\t\t\t\t\t<\/div>\n\t\t\t\t<\/div>\n\t\t\t\t<div class=\"elementor-element elementor-element-5cf709a elementor-widget elementor-widget-heading\" data-id=\"5cf709a\" data-element_type=\"widget\" data-widget_type=\"heading.default\">\n\t\t\t\t<div class=\"elementor-widget-container\">\n\t\t\t<h2 class=\"elementor-heading-title elementor-size-default\">PODPISZ REGULAMIN<\/h2>\t\t<\/div>\n\t\t\t\t<\/div>\n\t\t\t\t<div class=\"elementor-element elementor-element-2e7a59e elementor-widget-divider--view-line elementor-widget elementor-widget-divider\" data-id=\"2e7a59e\" data-element_type=\"widget\" data-widget_type=\"divider.default\">\n\t\t\t\t<div class=\"elementor-widget-container\">\n\t\t\t\t\t<div class=\"elementor-divider\">\n\t\t\t<span class=\"elementor-divider-separator\">\n\t\t\t\t\t\t<\/span>\n\t\t<\/div>\n\t\t\t\t<\/div>\n\t\t\t\t<\/div>\n\t\t\t\t<div class=\"elementor-element elementor-element-dbde95f elementor-align-left elementor-icon-list--layout-traditional elementor-list-item-link-full_width elementor-widget elementor-widget-icon-list\" data-id=\"dbde95f\" data-element_type=\"widget\" data-widget_type=\"icon-list.default\">\n\t\t\t\t<div class=\"elementor-widget-container\">\n\t\t\t\t\t<ul class=\"elementor-icon-list-items\">\n\t\t\t\t\t\t\t<li class=\"elementor-icon-list-item\">\n\t\t\t\t\t\t\t\t\t\t\t<span class=\"elementor-icon-list-icon\">\n\t\t\t\t\t\t\t<i aria-hidden=\"true\" class=\"far fa-arrow-alt-circle-right\"><\/i>\t\t\t\t\t\t<\/span>\n\t\t\t\t\t\t\t\t\t\t<span class=\"elementor-icon-list-text\">Przestrzegaj zasad obowi\u0105zuj\u0105cych na sali.<\/span>\n\t\t\t\t\t\t\t\t\t<\/li>\n\t\t\t\t\t\t<\/ul>\n\t\t\t\t<\/div>\n\t\t\t\t<\/div>\n\t\t\t\t\t<\/div>\n\t\t<\/div>\n\t\t\t\t<div class=\"elementor-column elementor-col-33 elementor-top-column elementor-element elementor-element-1c478b5\" data-id=\"1c478b5\" data-element_type=\"column\" data-settings=\"{&quot;background_background&quot;:&quot;classic&quot;}\">\n\t\t\t<div class=\"elementor-widget-wrap elementor-element-populated\">\n\t\t\t\t\t\t\t\t<div class=\"elementor-element elementor-element-4920889 elementor-widget elementor-widget-image\" data-id=\"4920889\" data-element_type=\"widget\" data-widget_type=\"image.default\">\n\t\t\t\t<div class=\"elementor-widget-container\">\n\t\t\t\t\t\t\t\t\t\t\t\t\t\t\t<img loading=\"lazy\" decoding=\"async\" width=\"1024\" height=\"636\" src=\"https:\/\/movementarena.pl\/gdansk\/wp-content\/uploads\/2020\/06\/but-1024x636.png\" class=\"attachment-large size-large wp-image-1882\" alt=\"\" srcset=\"https:\/\/movementarena.pl\/gdansk\/wp-content\/uploads\/2020\/06\/but-1024x636.png 1024w, https:\/\/movementarena.pl\/gdansk\/wp-content\/uploads\/2020\/06\/but-600x373.png 600w, https:\/\/movementarena.pl\/gdansk\/wp-content\/uploads\/2020\/06\/but-300x186.png 300w, https:\/\/movementarena.pl\/gdansk\/wp-content\/uploads\/2020\/06\/but-768x477.png 768w, https:\/\/movementarena.pl\/gdansk\/wp-content\/uploads\/2020\/06\/but-1536x954.png 1536w, https:\/\/movementarena.pl\/gdansk\/wp-content\/uploads\/2020\/06\/but-2048x1272.png 2048w\" sizes=\"auto, (max-width: 1024px) 100vw, 1024px\" \/>\t\t\t\t\t\t\t\t\t\t\t\t\t\t\t<\/div>\n\t\t\t\t<\/div>\n\t\t\t\t<div class=\"elementor-element elementor-element-bc40ff9 elementor-widget elementor-widget-heading\" data-id=\"bc40ff9\" data-element_type=\"widget\" data-widget_type=\"heading.default\">\n\t\t\t\t<div class=\"elementor-widget-container\">\n\t\t\t<h2 class=\"elementor-heading-title elementor-size-default\">ZMIE\u0143 OBUWIE<\/h2>\t\t<\/div>\n\t\t\t\t<\/div>\n\t\t\t\t<div class=\"elementor-element elementor-element-3c55842 elementor-widget-divider--view-line elementor-widget elementor-widget-divider\" data-id=\"3c55842\" data-element_type=\"widget\" data-widget_type=\"divider.default\">\n\t\t\t\t<div class=\"elementor-widget-container\">\n\t\t\t\t\t<div class=\"elementor-divider\">\n\t\t\t<span class=\"elementor-divider-separator\">\n\t\t\t\t\t\t<\/span>\n\t\t<\/div>\n\t\t\t\t<\/div>\n\t\t\t\t<\/div>\n\t\t\t\t<div class=\"elementor-element elementor-element-2f859c5 elementor-align-left elementor-icon-list--layout-traditional elementor-list-item-link-full_width elementor-widget elementor-widget-icon-list\" data-id=\"2f859c5\" data-element_type=\"widget\" data-widget_type=\"icon-list.default\">\n\t\t\t\t<div class=\"elementor-widget-container\">\n\t\t\t\t\t<ul class=\"elementor-icon-list-items\">\n\t\t\t\t\t\t\t<li class=\"elementor-icon-list-item\">\n\t\t\t\t\t\t\t\t\t\t\t<span class=\"elementor-icon-list-icon\">\n\t\t\t\t\t\t\t<i aria-hidden=\"true\" class=\"far fa-arrow-alt-circle-right\"><\/i>\t\t\t\t\t\t<\/span>\n\t\t\t\t\t\t\t\t\t\t<span class=\"elementor-icon-list-text\">\u0106wicz w obuwiu zmiennym.<\/span>\n\t\t\t\t\t\t\t\t\t<\/li>\n\t\t\t\t\t\t<\/ul>\n\t\t\t\t<\/div>\n\t\t\t\t<\/div>\n\t\t\t\t\t<\/div>\n\t\t<\/div>\n\t\t\t\t\t\t\t<\/div>\n\t\t<\/section>\n\t\t\t\t\t\t\t<\/div>\n\t\t","protected":false},"excerpt":{"rendered":"<p>ZASADY BEZPIECZE\u0143STWA LIMIT OS\u00d3B Na sali obowi\u0105zuje limit os\u00f3b. Pami\u0119taj o rezerwacji miejsc na zaj\u0119cia. Poinformuj nas, je\u017celi si\u0119 nie pojawisz. PODPISZ REGULAMIN Przestrzegaj zasad obowi\u0105zuj\u0105cych na sali. ZMIE\u0143 OBUWIE \u0106wicz w obuwiu zmiennym.<\/p>\n","protected":false},"author":1,"featured_media":0,"parent":0,"menu_order":0,"comment_status":"closed","ping_status":"closed","template":"elementor_header_footer","meta":{"_mi_skip_tracking":false,"_monsterinsights_sitenote_active":false,"_monsterinsights_sitenote_note":"","_monsterinsights_sitenote_category":0,"_mbp_gutenberg_autopost":false,"footnotes":""},"class_list":["post-6526","page","type-page","status-publish","hentry"],"yoast_head":"<!-- This site is optimized with the Yoast SEO plugin v23.4 - https:\/\/yoast.com\/wordpress\/plugins\/seo\/ -->\n<title>Bezpiecze\u0144stwo - Movement Arena - Parkour | trampoliny | kalistenika | fitness. - Zaj\u0119cia sportowe parkour dla dzieci<\/title>\n<meta name=\"description\" content=\"Movement Arena to pierwsza sala do parkour w Polsce. Bezpieczne przeszkody, trampoliny, strefa ta\u0144ca z lustrami. Zapraszamy na zaj\u0119cia sportowe dla dzieci - parkour, trampoliny, skoki na poduch\u0119 powietrzn\u0105! Sportowe urodziny dla dzieci.\" \/>\n<meta name=\"robots\" content=\"index, follow, max-snippet:-1, max-image-preview:large, max-video-preview:-1\" \/>\n<link rel=\"canonical\" href=\"https:\/\/movementarena.pl\/gdansk\/bezpieczenstwo\/\" \/>\n<meta property=\"og:locale\" content=\"pl_PL\" \/>\n<meta property=\"og:type\" content=\"article\" \/>\n<meta property=\"og:title\" content=\"Bezpiecze\u0144stwo - Movement Arena - Parkour | trampoliny | kalistenika | fitness. - Zaj\u0119cia sportowe parkour dla dzieci\" \/>\n<meta property=\"og:description\" content=\"Movement Arena to pierwsza sala do parkour w Polsce. Bezpieczne przeszkody, trampoliny, strefa ta\u0144ca z lustrami. Zapraszamy na zaj\u0119cia sportowe dla dzieci - parkour, trampoliny, skoki na poduch\u0119 powietrzn\u0105! Sportowe urodziny dla dzieci.\" \/>\n<meta property=\"og:url\" content=\"https:\/\/movementarena.pl\/gdansk\/bezpieczenstwo\/\" \/>\n<meta property=\"og:site_name\" content=\"Movement Arena - Parkour | trampoliny | kalistenika | fitness.\" \/>\n<meta property=\"article:publisher\" content=\"https:\/\/www.facebook.com\/movementarena\/\" \/>\n<meta property=\"article:modified_time\" content=\"2022-11-04T09:51:29+00:00\" \/>\n<meta property=\"og:image\" content=\"https:\/\/movementarena.pl\/gdansk\/wp-content\/uploads\/2022\/11\/limit_osob.webp\" \/>\n<meta name=\"twitter:card\" content=\"summary_large_image\" \/>\n<meta name=\"twitter:label1\" content=\"Szacowany czas czytania\" \/>\n\t<meta name=\"twitter:data1\" content=\"1 minuta\" \/>\n<script type=\"application\/ld+json\" class=\"yoast-schema-graph\">{\"@context\":\"https:\/\/schema.org\",\"@graph\":[{\"@type\":\"WebPage\",\"@id\":\"https:\/\/movementarena.pl\/gdansk\/bezpieczenstwo\/\",\"url\":\"https:\/\/movementarena.pl\/gdansk\/bezpieczenstwo\/\",\"name\":\"Bezpiecze\u0144stwo - Movement Arena - Parkour | trampoliny | kalistenika | fitness. - Zaj\u0119cia sportowe parkour dla dzieci\",\"isPartOf\":{\"@id\":\"https:\/\/movementarena.pl\/gdansk\/#website\"},\"primaryImageOfPage\":{\"@id\":\"https:\/\/movementarena.pl\/gdansk\/bezpieczenstwo\/#primaryimage\"},\"image\":{\"@id\":\"https:\/\/movementarena.pl\/gdansk\/bezpieczenstwo\/#primaryimage\"},\"thumbnailUrl\":\"https:\/\/movementarena.pl\/gdansk\/wp-content\/uploads\/2022\/11\/limit_osob.webp\",\"datePublished\":\"2022-11-04T09:28:19+00:00\",\"dateModified\":\"2022-11-04T09:51:29+00:00\",\"description\":\"Movement Arena to pierwsza sala do parkour w Polsce. Bezpieczne przeszkody, trampoliny, strefa ta\u0144ca z lustrami. Zapraszamy na zaj\u0119cia sportowe dla dzieci - parkour, trampoliny, skoki na poduch\u0119 powietrzn\u0105! Sportowe urodziny dla dzieci.\",\"breadcrumb\":{\"@id\":\"https:\/\/movementarena.pl\/gdansk\/bezpieczenstwo\/#breadcrumb\"},\"inLanguage\":\"pl-PL\",\"potentialAction\":[{\"@type\":\"ReadAction\",\"target\":[\"https:\/\/movementarena.pl\/gdansk\/bezpieczenstwo\/\"]}]},{\"@type\":\"ImageObject\",\"inLanguage\":\"pl-PL\",\"@id\":\"https:\/\/movementarena.pl\/gdansk\/bezpieczenstwo\/#primaryimage\",\"url\":\"https:\/\/movementarena.pl\/gdansk\/wp-content\/uploads\/2022\/11\/limit_osob.webp\",\"contentUrl\":\"https:\/\/movementarena.pl\/gdansk\/wp-content\/uploads\/2022\/11\/limit_osob.webp\",\"width\":1024,\"height\":636},{\"@type\":\"BreadcrumbList\",\"@id\":\"https:\/\/movementarena.pl\/gdansk\/bezpieczenstwo\/#breadcrumb\",\"itemListElement\":[{\"@type\":\"ListItem\",\"position\":1,\"name\":\"Strona g\u0142\u00f3wna\",\"item\":\"https:\/\/movementarena.pl\/gdansk\/\"},{\"@type\":\"ListItem\",\"position\":2,\"name\":\"Bezpiecze\u0144stwo\"}]},{\"@type\":\"WebSite\",\"@id\":\"https:\/\/movementarena.pl\/gdansk\/#website\",\"url\":\"https:\/\/movementarena.pl\/gdansk\/\",\"name\":\"Movement Arena - Parkour | trampoliny | kalistenika | fitness.\",\"description\":\"Zaj\u0119cia sportowe dla dzieci | Parkour | Trampoliny\",\"publisher\":{\"@id\":\"https:\/\/movementarena.pl\/gdansk\/#organization\"},\"alternateName\":\"Movement Arena Gda\u0144sk\",\"potentialAction\":[{\"@type\":\"SearchAction\",\"target\":{\"@type\":\"EntryPoint\",\"urlTemplate\":\"https:\/\/movementarena.pl\/gdansk\/?s={search_term_string}\"},\"query-input\":{\"@type\":\"PropertyValueSpecification\",\"valueRequired\":true,\"valueName\":\"search_term_string\"}}],\"inLanguage\":\"pl-PL\"},{\"@type\":\"Organization\",\"@id\":\"https:\/\/movementarena.pl\/gdansk\/#organization\",\"name\":\"Movement Arena\",\"url\":\"https:\/\/movementarena.pl\/gdansk\/\",\"logo\":{\"@type\":\"ImageObject\",\"inLanguage\":\"pl-PL\",\"@id\":\"https:\/\/movementarena.pl\/gdansk\/#\/schema\/logo\/image\/\",\"url\":\"https:\/\/movementarena.pl\/gdansk\/wp-content\/uploads\/2021\/02\/logo-MovementArena-skrocone.jpg\",\"contentUrl\":\"https:\/\/movementarena.pl\/gdansk\/wp-content\/uploads\/2021\/02\/logo-MovementArena-skrocone.jpg\",\"width\":884,\"height\":843,\"caption\":\"Movement Arena\"},\"image\":{\"@id\":\"https:\/\/movementarena.pl\/gdansk\/#\/schema\/logo\/image\/\"},\"sameAs\":[\"https:\/\/www.facebook.com\/movementarena\/\",\"https:\/\/www.instagram.com\/movementarena\/\"]}]}<\/script>\n<!-- \/ Yoast SEO plugin. -->","yoast_head_json":{"title":"Bezpiecze\u0144stwo - Movement Arena - Parkour | trampoliny | kalistenika | fitness. - Zaj\u0119cia sportowe parkour dla dzieci","description":"Movement Arena to pierwsza sala do parkour w Polsce. Bezpieczne przeszkody, trampoliny, strefa ta\u0144ca z lustrami. Zapraszamy na zaj\u0119cia sportowe dla dzieci - parkour, trampoliny, skoki na poduch\u0119 powietrzn\u0105! Sportowe urodziny dla dzieci.","robots":{"index":"index","follow":"follow","max-snippet":"max-snippet:-1","max-image-preview":"max-image-preview:large","max-video-preview":"max-video-preview:-1"},"canonical":"https:\/\/movementarena.pl\/gdansk\/bezpieczenstwo\/","og_locale":"pl_PL","og_type":"article","og_title":"Bezpiecze\u0144stwo - Movement Arena - Parkour | trampoliny | kalistenika | fitness. - Zaj\u0119cia sportowe parkour dla dzieci","og_description":"Movement Arena to pierwsza sala do parkour w Polsce. Bezpieczne przeszkody, trampoliny, strefa ta\u0144ca z lustrami. Zapraszamy na zaj\u0119cia sportowe dla dzieci - parkour, trampoliny, skoki na poduch\u0119 powietrzn\u0105! Sportowe urodziny dla dzieci.","og_url":"https:\/\/movementarena.pl\/gdansk\/bezpieczenstwo\/","og_site_name":"Movement Arena - Parkour | trampoliny | kalistenika | fitness.","article_publisher":"https:\/\/www.facebook.com\/movementarena\/","article_modified_time":"2022-11-04T09:51:29+00:00","og_image":[{"url":"https:\/\/movementarena.pl\/gdansk\/wp-content\/uploads\/2022\/11\/limit_osob.webp"}],"twitter_card":"summary_large_image","twitter_misc":{"Szacowany czas czytania":"1 minuta"},"schema":{"@context":"https:\/\/schema.org","@graph":[{"@type":"WebPage","@id":"https:\/\/movementarena.pl\/gdansk\/bezpieczenstwo\/","url":"https:\/\/movementarena.pl\/gdansk\/bezpieczenstwo\/","name":"Bezpiecze\u0144stwo - Movement Arena - Parkour | trampoliny | kalistenika | fitness. - Zaj\u0119cia sportowe parkour dla dzieci","isPartOf":{"@id":"https:\/\/movementarena.pl\/gdansk\/#website"},"primaryImageOfPage":{"@id":"https:\/\/movementarena.pl\/gdansk\/bezpieczenstwo\/#primaryimage"},"image":{"@id":"https:\/\/movementarena.pl\/gdansk\/bezpieczenstwo\/#primaryimage"},"thumbnailUrl":"https:\/\/movementarena.pl\/gdansk\/wp-content\/uploads\/2022\/11\/limit_osob.webp","datePublished":"2022-11-04T09:28:19+00:00","dateModified":"2022-11-04T09:51:29+00:00","description":"Movement Arena to pierwsza sala do parkour w Polsce. Bezpieczne przeszkody, trampoliny, strefa ta\u0144ca z lustrami. Zapraszamy na zaj\u0119cia sportowe dla dzieci - parkour, trampoliny, skoki na poduch\u0119 powietrzn\u0105! Sportowe urodziny dla dzieci.","breadcrumb":{"@id":"https:\/\/movementarena.pl\/gdansk\/bezpieczenstwo\/#breadcrumb"},"inLanguage":"pl-PL","potentialAction":[{"@type":"ReadAction","target":["https:\/\/movementarena.pl\/gdansk\/bezpieczenstwo\/"]}]},{"@type":"ImageObject","inLanguage":"pl-PL","@id":"https:\/\/movementarena.pl\/gdansk\/bezpieczenstwo\/#primaryimage","url":"https:\/\/movementarena.pl\/gdansk\/wp-content\/uploads\/2022\/11\/limit_osob.webp","contentUrl":"https:\/\/movementarena.pl\/gdansk\/wp-content\/uploads\/2022\/11\/limit_osob.webp","width":1024,"height":636},{"@type":"BreadcrumbList","@id":"https:\/\/movementarena.pl\/gdansk\/bezpieczenstwo\/#breadcrumb","itemListElement":[{"@type":"ListItem","position":1,"name":"Strona g\u0142\u00f3wna","item":"https:\/\/movementarena.pl\/gdansk\/"},{"@type":"ListItem","position":2,"name":"Bezpiecze\u0144stwo"}]},{"@type":"WebSite","@id":"https:\/\/movementarena.pl\/gdansk\/#website","url":"https:\/\/movementarena.pl\/gdansk\/","name":"Movement Arena - Parkour | trampoliny | kalistenika | fitness.","description":"Zaj\u0119cia sportowe dla dzieci | Parkour | Trampoliny","publisher":{"@id":"https:\/\/movementarena.pl\/gdansk\/#organization"},"alternateName":"Movement Arena Gda\u0144sk","potentialAction":[{"@type":"SearchAction","target":{"@type":"EntryPoint","urlTemplate":"https:\/\/movementarena.pl\/gdansk\/?s={search_term_string}"},"query-input":{"@type":"PropertyValueSpecification","valueRequired":true,"valueName":"search_term_string"}}],"inLanguage":"pl-PL"},{"@type":"Organization","@id":"https:\/\/movementarena.pl\/gdansk\/#organization","name":"Movement Arena","url":"https:\/\/movementarena.pl\/gdansk\/","logo":{"@type":"ImageObject","inLanguage":"pl-PL","@id":"https:\/\/movementarena.pl\/gdansk\/#\/schema\/logo\/image\/","url":"https:\/\/movementarena.pl\/gdansk\/wp-content\/uploads\/2021\/02\/logo-MovementArena-skrocone.jpg","contentUrl":"https:\/\/movementarena.pl\/gdansk\/wp-content\/uploads\/2021\/02\/logo-MovementArena-skrocone.jpg","width":884,"height":843,"caption":"Movement Arena"},"image":{"@id":"https:\/\/movementarena.pl\/gdansk\/#\/schema\/logo\/image\/"},"sameAs":["https:\/\/www.facebook.com\/movementarena\/","https:\/\/www.instagram.com\/movementarena\/"]}]}},"_links":{"self":[{"href":"https:\/\/movementarena.pl\/gdansk\/wp-json\/wp\/v2\/pages\/6526","targetHints":{"allow":["GET"]}}],"collection":[{"href":"https:\/\/movementarena.pl\/gdansk\/wp-json\/wp\/v2\/pages"}],"about":[{"href":"https:\/\/movementarena.pl\/gdansk\/wp-json\/wp\/v2\/types\/page"}],"author":[{"embeddable":true,"href":"https:\/\/movementarena.pl\/gdansk\/wp-json\/wp\/v2\/users\/1"}],"replies":[{"embeddable":true,"href":"https:\/\/movementarena.pl\/gdansk\/wp-json\/wp\/v2\/comments?post=6526"}],"version-history":[{"count":18,"href":"https:\/\/movementarena.pl\/gdansk\/wp-json\/wp\/v2\/pages\/6526\/revisions"}],"predecessor-version":[{"id":6550,"href":"https:\/\/movementarena.pl\/gdansk\/wp-json\/wp\/v2\/pages\/6526\/revisions\/6550"}],"wp:attachment":[{"href":"https:\/\/movementarena.pl\/gdansk\/wp-json\/wp\/v2\/media?parent=6526"}],"curies":[{"name":"wp","href":"https:\/\/api.w.org\/{rel}","templated":true}]}}