{"id":2069,"date":"2018-12-09T15:38:01","date_gmt":"2018-12-09T14:38:01","guid":{"rendered":"http:\/\/movementarena.pl\/suwalki\/oferta\/imprezy-integracyjne\/"},"modified":"2023-05-26T12:46:13","modified_gmt":"2023-05-26T10:46:13","slug":"imprezy-integracyjne","status":"publish","type":"page","link":"https:\/\/movementarena.pl\/suwalki\/oferta\/imprezy-integracyjne\/","title":{"rendered":"Imprezy integracyjne"},"content":{"rendered":"<div class=\"wpb-content-wrapper\"><p>[vc_row full_width=&#8221;stretch_row&#8221; css=&#8221;.vc_custom_1557775608724{margin-top: -40px !important;background-color: #4e8fc7 !important;}&#8221; el_class=&#8221;podmenu&#8221;][vc_column width=&#8221;1\/4&#8243;][\/vc_column][vc_column width=&#8221;3\/4&#8243; css=&#8221;.vc_custom_1544358416742{padding-left: 0px !important;}&#8221;][vc_column_text]<a href=\"https:\/\/movementarena.pl\/suwalki\/oferta\/urodziny\/\">Urodziny<\/a><a href=\"https:\/\/movementarena.pl\/suwalki\/wycieczki\/\">Wycieczki\/grupy<\/a><a href=\"https:\/\/movementarena.pl\/suwalki\/squash-3\/\">Squash<\/a><a href=\"https:\/\/movementarena.pl\/suwalki\/oferta\/wejscia-wolne\/\">Wej\u015bcia wolne<\/a><a href=\"https:\/\/movementarena.pl\/suwalki\/oferta\/imprezy-integracyjne\/\">Imprezy integracyjne<\/a><a href=\"https:\/\/movementarena.pl\/suwalki\/oferta\/karta-podarunkowa-suwalki\/\">Karta Podarunkowa<\/a>[\/vc_column_text][\/vc_column][\/vc_row][vc_row full_width=&#8221;stretch_row&#8221; content_placement=&#8221;middle&#8221; el_class=&#8221;tytul&#8221; css=&#8221;.vc_custom_1556728587398{margin-bottom: 40px !important;padding-top: 150px !important;padding-bottom: 150px !important;background-image: url(https:\/\/movementarena.pl\/suwalki\/wp-content\/uploads\/2019\/05\/integration1.jpg?id=3208) !important;background-position: center !important;background-repeat: no-repeat !important;background-size: cover !important;}&#8221;][vc_column][vc_custom_heading text=&#8221;<strong>IMPREZY INTEGRACYJNE<\/strong>&#8221; font_container=&#8221;tag:h1|font_size:50|text_align:left|color:%23000000&#8243; use_theme_fonts=&#8221;yes&#8221; css_animation=&#8221;slideInRight&#8221;][\/vc_column][\/vc_row][vc_row equal_height=&#8221;yes&#8221; css=&#8221;.vc_custom_1543080252010{margin-bottom: 30px !important;}&#8221;][vc_column css_animation=&#8221;bottom-to-top&#8221;][vc_custom_heading text=&#8221;<strong>IMPREZY INTEGRACYJNE<\/strong>&#8221; font_container=&#8221;tag:h2|text_align:center&#8221; use_theme_fonts=&#8221;yes&#8221;][vc_text_separator title=&#8221;nieszablonowe pomys\u0142y na aktywn\u0105 integracj\u0119&#8221; color=&#8221;custom&#8221; accent_color=&#8221;#4e8fc7&#8243;][\/vc_column][\/vc_row][vc_row css=&#8221;.vc_custom_1556644796632{margin-top: 100px !important;margin-bottom: 100px !important;}&#8221;][vc_column css_animation=&#8221;bottom-to-top&#8221; width=&#8221;1\/2&#8243;][vc_column_text css_animation=&#8221;none&#8221; css=&#8221;.vc_custom_1556796744750{margin-top: 50px !important;}&#8221;]<strong>Movement Arena Suwa\u0142ki dla firm to:<\/strong><\/p>\n<ul>\n<li style=\"font-weight: 400;\"><span style=\"font-weight: 400;\">Alternatywne pomys\u0142y na spotkania firmowe<\/span><\/li>\n<li style=\"font-weight: 400;\"><span style=\"font-weight: 400;\">Profesjonalna, pe\u0142na pasji kadra trenerska dbaj\u0105ca o klienta<\/span><\/li>\n<li>\u015awietna szansa na prze\u0142amanie w\u0142asnych barier w bezpiecznym \u015brodowisku<\/li>\n<li style=\"font-weight: 400;\"><span style=\"font-weight: 400;\">Doskona\u0142a sposobno\u015b\u0107 na integracj\u0119 grupy<\/span><\/li>\n<li style=\"font-weight: 400;\"><span style=\"font-weight: 400;\">R\u00f3\u017cnorodne wyzwania dostosowane do potrzeb klienta<\/span><\/li>\n<li style=\"font-weight: 400;\"><span style=\"font-weight: 400;\">Turnieje, wyzwania i \u015bwietna zabawa w jednym<\/span><\/li>\n<\/ul>\n<p>[\/vc_column_text][\/vc_column][vc_column css_animation=&#8221;top-to-bottom&#8221; width=&#8221;1\/2&#8243;]\n<div class=\"wpcf7 no-js\" id=\"wpcf7-f3119-o1\" lang=\"en-US\" dir=\"ltr\" data-wpcf7-id=\"3119\">\n<div class=\"screen-reader-response\"><p role=\"status\" aria-live=\"polite\" aria-atomic=\"true\"><\/p> <ul><\/ul><\/div>\n<form action=\"\/suwalki\/wp-json\/wp\/v2\/pages\/2069#wpcf7-f3119-o1\" method=\"post\" class=\"wpcf7-form init\" aria-label=\"Contact form\" novalidate=\"novalidate\" data-status=\"init\">\n<fieldset class=\"hidden-fields-container\"><input type=\"hidden\" name=\"_wpcf7\" value=\"3119\" \/><input type=\"hidden\" name=\"_wpcf7_version\" value=\"6.1.5\" \/><input type=\"hidden\" name=\"_wpcf7_locale\" value=\"en_US\" \/><input type=\"hidden\" name=\"_wpcf7_unit_tag\" value=\"wpcf7-f3119-o1\" \/><input type=\"hidden\" name=\"_wpcf7_container_post\" value=\"0\" \/><input type=\"hidden\" name=\"_wpcf7_posted_data_hash\" value=\"\" \/><input type=\"hidden\" name=\"_wpcf7cf_hidden_group_fields\" value=\"[]\" \/><input type=\"hidden\" name=\"_wpcf7cf_hidden_groups\" value=\"[]\" \/><input type=\"hidden\" name=\"_wpcf7cf_visible_groups\" value=\"[]\" \/><input type=\"hidden\" name=\"_wpcf7cf_repeaters\" value=\"[]\" \/><input type=\"hidden\" name=\"_wpcf7cf_steps\" value=\"{}\" \/><input type=\"hidden\" name=\"_wpcf7cf_options\" value=\"{&quot;form_id&quot;:3119,&quot;conditions&quot;:[],&quot;settings&quot;:{&quot;animation&quot;:&quot;yes&quot;,&quot;animation_intime&quot;:200,&quot;animation_outtime&quot;:200,&quot;conditions_ui&quot;:&quot;normal&quot;,&quot;notice_dismissed&quot;:false,&quot;notice_dismissed_rollback-cf7-5.6&quot;:true,&quot;notice_dismissed_update-cf7-5.9.8&quot;:true,&quot;notice_dismissed_rollback-cf7-6.0.1&quot;:true,&quot;notice_dismissed_rollback-cf7-6.1.1&quot;:true}}\" \/><input type=\"hidden\" name=\"_wpcf7_recaptcha_response\" value=\"\" \/>\n<\/fieldset>\n<div class=\"row\">\n\t<div class=\"col-md-4\">\n\t\t<p><label>Firma *<\/label><span class=\"wpcf7-form-control-wrap\" data-name=\"your-name\"><input size=\"40\" maxlength=\"400\" class=\"wpcf7-form-control wpcf7-text wpcf7-validates-as-required\" aria-required=\"true\" aria-invalid=\"false\" value=\"\" type=\"text\" name=\"your-name\" \/><\/span>\n\t\t<\/p>\n\t<\/div>\n\t<div class=\"col-md-4\">\n\t\t<p><label>Imi\u0119 *<\/label><span class=\"wpcf7-form-control-wrap\" data-name=\"your-name\"><input size=\"40\" maxlength=\"400\" class=\"wpcf7-form-control wpcf7-text wpcf7-validates-as-required\" aria-required=\"true\" aria-invalid=\"false\" value=\"\" type=\"text\" name=\"your-name\" \/><\/span>\n\t\t<\/p>\n\t<\/div>\n\t<div class=\"col-md-4\">\n\t\t<p><label>Email *<\/label><span class=\"wpcf7-form-control-wrap\" data-name=\"your-email\"><input size=\"40\" maxlength=\"400\" class=\"wpcf7-form-control wpcf7-email wpcf7-validates-as-required wpcf7-text wpcf7-validates-as-email\" aria-required=\"true\" aria-invalid=\"false\" value=\"\" type=\"email\" name=\"your-email\" \/><\/span>\n\t\t<\/p>\n\t<\/div>\n<\/div>\n<p><label>Wiadomo\u015b\u0107<\/label><span class=\"wpcf7-form-control-wrap\" data-name=\"your-message\"><textarea cols=\"40\" rows=\"10\" maxlength=\"2000\" class=\"wpcf7-form-control wpcf7-textarea\" aria-invalid=\"false\" name=\"your-message\"><\/textarea><\/span>\n<\/p>\n<p><input class=\"wpcf7-form-control wpcf7-submit has-spinner btn btn-color-primary\" type=\"submit\" value=\"WY\u015aLIJ\" \/>\n<\/p><div class=\"wpcf7-response-output\" aria-hidden=\"true\"><\/div>\n<\/form>\n<\/div>\n[\/vc_column][\/vc_row][vc_row full_width=&#8221;stretch_row_content_no_spaces&#8221; basel_bg_position=&#8221;center-center&#8221; css=&#8221;.vc_custom_1556721127065{margin-top: 50px !important;margin-bottom: -40px !important;padding-top: 150px !important;padding-bottom: 150px !important;background-image: url(https:\/\/movementarena.pl\/suwalki\/wp-content\/uploads\/2019\/04\/MAS_1-18.jpg?id=2321) !important;background-position: center !important;background-repeat: no-repeat !important;background-size: cover !important;}&#8221;][vc_column width=&#8221;1\/4&#8243;][\/vc_column][vc_column width=&#8221;1\/2&#8243;][vc_custom_heading text=&#8221;<strong>U NAS MO\u017bESZ WSZYSTKO!<\/strong>&#8221; font_container=&#8221;tag:h1|text_align:center|color:%23ffffff&#8221; use_theme_fonts=&#8221;yes&#8221;][\/vc_column][vc_column width=&#8221;1\/4&#8243;][\/vc_column][\/vc_row]<\/p>\n<\/div>","protected":false},"excerpt":{"rendered":"<p>[vc_row full_width=&#8221;stretch_row&#8221; css=&#8221;.vc_custom_1557775608724{margin-top: -40px !important;background-color: #4e8fc7 !important;}&#8221; el_class=&#8221;podmenu&#8221;][vc_column width=&#8221;1\/4&#8243;][\/vc_column][vc_column width=&#8221;3\/4&#8243; css=&#8221;.vc_custom_1544358416742{padding-left: 0px !important;}&#8221;][vc_column_text]UrodzinyWycieczki\/grupySquashWej\u015bcia wolneImprezy integracyjneKarta Podarunkowa[\/vc_column_text][\/vc_column][\/vc_row][vc_row full_width=&#8221;stretch_row&#8221; content_placement=&#8221;middle&#8221; el_class=&#8221;tytul&#8221; css=&#8221;.vc_custom_1556728587398{margin-bottom:<\/p>\n","protected":false},"author":1,"featured_media":0,"parent":2061,"menu_order":0,"comment_status":"closed","ping_status":"closed","template":"","meta":{"footnotes":""},"class_list":["post-2069","page","type-page","status-publish","hentry"],"amp_enabled":true,"_links":{"self":[{"href":"https:\/\/movementarena.pl\/suwalki\/wp-json\/wp\/v2\/pages\/2069","targetHints":{"allow":["GET"]}}],"collection":[{"href":"https:\/\/movementarena.pl\/suwalki\/wp-json\/wp\/v2\/pages"}],"about":[{"href":"https:\/\/movementarena.pl\/suwalki\/wp-json\/wp\/v2\/types\/page"}],"author":[{"embeddable":true,"href":"https:\/\/movementarena.pl\/suwalki\/wp-json\/wp\/v2\/users\/1"}],"replies":[{"embeddable":true,"href":"https:\/\/movementarena.pl\/suwalki\/wp-json\/wp\/v2\/comments?post=2069"}],"version-history":[{"count":14,"href":"https:\/\/movementarena.pl\/suwalki\/wp-json\/wp\/v2\/pages\/2069\/revisions"}],"predecessor-version":[{"id":4806,"href":"https:\/\/movementarena.pl\/suwalki\/wp-json\/wp\/v2\/pages\/2069\/revisions\/4806"}],"up":[{"embeddable":true,"href":"https:\/\/movementarena.pl\/suwalki\/wp-json\/wp\/v2\/pages\/2061"}],"wp:attachment":[{"href":"https:\/\/movementarena.pl\/suwalki\/wp-json\/wp\/v2\/media?parent=2069"}],"curies":[{"name":"wp","href":"https:\/\/api.w.org\/{rel}","templated":true}]}}