{"id":2240,"date":"2019-04-14T13:22:02","date_gmt":"2019-04-14T11:22:02","guid":{"rendered":"http:\/\/movementarena.pl\/suwalki\/?page_id=2240"},"modified":"2023-05-26T12:45:08","modified_gmt":"2023-05-26T10:45:08","slug":"wycieczki","status":"publish","type":"page","link":"https:\/\/movementarena.pl\/suwalki\/wycieczki\/","title":{"rendered":"Wycieczki\/grupy"},"content":{"rendered":"<p>[vc_row full_width=&#8221;stretch_row&#8221; css=&#8221;.vc_custom_1557775674263{margin-top: -40px !important;background-color: #4e8fc7 !important;}&#8221; el_class=&#8221;podmenu&#8221;][vc_column width=&#8221;1\/4&#8243;][\/vc_column][vc_column width=&#8221;3\/4&#8243; css=&#8221;.vc_custom_1544358416742{padding-left: 0px !important;}&#8221;][vc_column_text]<a href=\"https:\/\/movementarena.pl\/suwalki\/oferta\/urodziny\/\">Urodziny<\/a><a href=\"https:\/\/movementarena.pl\/suwalki\/wycieczki\/\">Wycieczki\/grupy<\/a><a href=\"https:\/\/movementarena.pl\/suwalki\/squash-3\/\">Squash<\/a><a href=\"https:\/\/movementarena.pl\/suwalki\/oferta\/wejscia-wolne\/\">Wej\u015bcia wolne<\/a><a href=\"https:\/\/movementarena.pl\/suwalki\/oferta\/imprezy-integracyjne\/\">Imprezy integracyjne<\/a><a href=\"https:\/\/movementarena.pl\/suwalki\/oferta\/karta-podarunkowa-suwalki\/\">Karta Podarunkowa<\/a>[\/vc_column_text][\/vc_column][\/vc_row][vc_row full_width=&#8221;stretch_row&#8221; content_placement=&#8221;middle&#8221; el_class=&#8221;tytul&#8221; css=&#8221;.vc_custom_1556727033693{margin-bottom: 40px !important;padding-top: 150px !important;padding-bottom: 150px !important;background-image: url(https:\/\/movementarena.pl\/suwalki\/wp-content\/uploads\/2019\/05\/zaj-2.1.jpg?id=3189) !important;background-position: center !important;background-repeat: no-repeat !important;background-size: cover !important;}&#8221;][vc_column][vc_custom_heading text=&#8221;<strong>Wycieczki\/grupy<\/strong>&#8221; font_container=&#8221;tag:h1|font_size:50|text_align:left|color:%23ffffff&#8221; use_theme_fonts=&#8221;yes&#8221; css_animation=&#8221;slideInRight&#8221;][\/vc_column][\/vc_row][vc_row equal_height=&#8221;yes&#8221; css=&#8221;.vc_custom_1543080252010{margin-bottom: 30px !important;}&#8221;][vc_column css_animation=&#8221;bottom-to-top&#8221;][vc_custom_heading text=&#8221;<strong>LEKCJE WF<\/strong>&#8221; font_container=&#8221;tag:h2|text_align:center&#8221; use_theme_fonts=&#8221;yes&#8221;][vc_text_separator title=&#8221;niecodzienny trening po\u0142\u0105czony z zabaw\u0105&#8221; color=&#8221;custom&#8221; accent_color=&#8221;#4e8fc7&#8243;][\/vc_column][\/vc_row][vc_row css=&#8221;.vc_custom_1556648519139{margin-top: 80px !important;margin-bottom: 100px !important;}&#8221;][vc_column css_animation=&#8221;bottom-to-top&#8221; width=&#8221;1\/2&#8243;][vc_custom_heading text=&#8221;<strong>OFERUJEMY<\/strong>&#8221; font_container=&#8221;tag:h4|text_align:center&#8221; use_theme_fonts=&#8221;yes&#8221; css=&#8221;.vc_custom_1543079835995{margin-top: 30px !important;}&#8221;][vc_column_text css_animation=&#8221;none&#8221; css=&#8221;.vc_custom_1544358609153{margin-bottom: 20px !important;}&#8221;]<\/p>\n<p style=\"text-align: center;\"><span style=\"font-weight: 400;\">Niecodzienny trening po\u0142\u0105czony z zabaw\u0105 to wyj\u0105tkowa i bezpieczna okazja do kontaktu ze sportem i ruchem w ka\u017cdej postaci. <\/span><\/p>\n<p style=\"text-align: center;\"><span style=\"font-weight: 400;\">\u015awietna alternatywa dla zaj\u0119\u0107 szkolnych i wspania\u0142a okazja na wycieczk\u0119 do naszego parku Movement Arena. <\/span><\/p>\n<p style=\"text-align: center;\"><span style=\"font-weight: 400;\">Ca\u0142o\u015b\u0107 pod okiem wykwalifikowanego trenera, kt\u00f3ry zadba o Wasze bezpiecze\u0144stwo!\u00a0<\/span><\/p>\n<p>[\/vc_column_text][vc_column_text css_animation=&#8221;none&#8221; css=&#8221;.vc_custom_1543079856856{margin-top: 50px !important;}&#8221;]<strong>Gwarantujemy:<\/strong><\/p>\n<ul>\n<li style=\"font-weight: 400;\"><span style=\"font-weight: 400;\">Wspania\u0142\u0105 i bezpieczn\u0105 zabaw\u0119<\/span><\/li>\n<li style=\"font-weight: 400;\"><span style=\"font-weight: 400;\">Profesjonaln\u0105 opiek\u0119 trenersk\u0105<\/span><\/li>\n<li style=\"font-weight: 400;\"><span style=\"font-weight: 400;\">Ciekawy program zaj\u0119\u0107 obejmuj\u0105cy r\u00f3\u017cne strefy naszego parku<\/span><\/li>\n<li style=\"font-weight: 400;\"><span style=\"font-weight: 400;\">Doskona\u0142\u0105 integracj\u0119 grupy<\/span><\/li>\n<li style=\"font-weight: 400;\"><span style=\"font-weight: 400;\">Zr\u00f3\u017cnicowany poziom trudno\u015bci zada\u0144 podczas zabaw<\/span><\/li>\n<li style=\"font-weight: 400;\"><span style=\"font-weight: 400;\">Kaw\u0119 b\u0105d\u017a uczestnictwo w zaj\u0119ciach dla opiekun\u00f3w gratis<\/span><\/li>\n<\/ul>\n<p>[\/vc_column_text][\/vc_column][vc_column css_animation=&#8221;top-to-bottom&#8221; width=&#8221;1\/2&#8243;]\t\t\t<div id=\"gallery_771\" class=\"basel-images-gallery  spacing-0 columns-3 view-carousel photoswipe-images\">\n\t\t\t\t<div class=\"gallery-images owl-carousel\">\n\t\t\t\t\t\t\t\t\t\t\t\t\t\t\t\t\t\t<div class=\"basel-gallery-item\">\n\t\t\t\t\t\t\t\t\t\t\t\t\t\t\t\t<a href=\"https:\/\/movementarena.pl\/suwalki\/wp-content\/uploads\/2020\/06\/MG_8453-1024x683.jpg\" data-index=\"1\" data-width=\"1024\" data-height=\"683\"   data-rel=\"lightbox-image-0\" data-rl_title=\"\" data-rl_caption=\"\" title=\"\">\n\t\t\t\t\t\t\t\t\t\t\t\t\t\t\t\t\t<img fetchpriority=\"high\" decoding=\"async\" width=\"1024\" height=\"683\" src=\"https:\/\/movementarena.pl\/suwalki\/wp-content\/uploads\/2020\/06\/MG_8453-1024x683.jpg\" class=\"basel-gallery-image image-1 attachment-large\" alt=\"Trampoliny grupa\" srcset=\"https:\/\/movementarena.pl\/suwalki\/wp-content\/uploads\/2020\/06\/MG_8453-1024x683.jpg 1024w, https:\/\/movementarena.pl\/suwalki\/wp-content\/uploads\/2020\/06\/MG_8453-300x200.jpg 300w, https:\/\/movementarena.pl\/suwalki\/wp-content\/uploads\/2020\/06\/MG_8453-768x512.jpg 768w, https:\/\/movementarena.pl\/suwalki\/wp-content\/uploads\/2020\/06\/MG_8453-1536x1025.jpg 1536w, https:\/\/movementarena.pl\/suwalki\/wp-content\/uploads\/2020\/06\/MG_8453-scaled.jpg 2048w\" sizes=\"(max-width: 1024px) 100vw, 1024px\" \/>\t\t\t\t\t\t\t\t\t\t\t\t\t\t\t\t<\/a>\n\t\t\t\t\t\t\t\t\t\t\t\t\t\t\t<\/div>\n\t\t\t\t\t\t\t\t\t\t\t\t\t<div class=\"basel-gallery-item\">\n\t\t\t\t\t\t\t\t\t\t\t\t\t\t\t\t<a href=\"https:\/\/movementarena.pl\/suwalki\/wp-content\/uploads\/2020\/06\/MG_8462-1024x683.jpg\" data-index=\"2\" data-width=\"1024\" data-height=\"683\"   data-rel=\"lightbox-image-1\" data-rl_title=\"\" data-rl_caption=\"\" title=\"\">\n\t\t\t\t\t\t\t\t\t\t\t\t\t\t\t\t\t<img decoding=\"async\" width=\"1024\" height=\"683\" src=\"https:\/\/movementarena.pl\/suwalki\/wp-content\/uploads\/2020\/06\/MG_8462-1024x683.jpg\" class=\"basel-gallery-image image-2 attachment-large\" alt=\"\" srcset=\"https:\/\/movementarena.pl\/suwalki\/wp-content\/uploads\/2020\/06\/MG_8462-1024x683.jpg 1024w, https:\/\/movementarena.pl\/suwalki\/wp-content\/uploads\/2020\/06\/MG_8462-300x200.jpg 300w, https:\/\/movementarena.pl\/suwalki\/wp-content\/uploads\/2020\/06\/MG_8462-768x512.jpg 768w, https:\/\/movementarena.pl\/suwalki\/wp-content\/uploads\/2020\/06\/MG_8462-1536x1025.jpg 1536w, https:\/\/movementarena.pl\/suwalki\/wp-content\/uploads\/2020\/06\/MG_8462-scaled.jpg 2048w\" sizes=\"(max-width: 1024px) 100vw, 1024px\" \/>\t\t\t\t\t\t\t\t\t\t\t\t\t\t\t\t<\/a>\n\t\t\t\t\t\t\t\t\t\t\t\t\t\t\t<\/div>\n\t\t\t\t\t\t\t\t\t\t\t\t\t<div class=\"basel-gallery-item\">\n\t\t\t\t\t\t\t\t\t\t\t\t\t\t\t\t<a href=\"https:\/\/movementarena.pl\/suwalki\/wp-content\/uploads\/2020\/06\/01252020-ISO-1600-MAS-KRAV-MAGA-5-1024x683.jpg\" data-index=\"3\" data-width=\"1024\" data-height=\"683\"   data-rel=\"lightbox-image-2\" data-rl_title=\"\" data-rl_caption=\"\" title=\"\">\n\t\t\t\t\t\t\t\t\t\t\t\t\t\t\t\t\t<img decoding=\"async\" width=\"1024\" height=\"683\" src=\"https:\/\/movementarena.pl\/suwalki\/wp-content\/uploads\/2020\/06\/01252020-ISO-1600-MAS-KRAV-MAGA-5-1024x683.jpg\" class=\"basel-gallery-image image-3 attachment-large\" alt=\"\" srcset=\"https:\/\/movementarena.pl\/suwalki\/wp-content\/uploads\/2020\/06\/01252020-ISO-1600-MAS-KRAV-MAGA-5-1024x683.jpg 1024w, https:\/\/movementarena.pl\/suwalki\/wp-content\/uploads\/2020\/06\/01252020-ISO-1600-MAS-KRAV-MAGA-5-300x200.jpg 300w, https:\/\/movementarena.pl\/suwalki\/wp-content\/uploads\/2020\/06\/01252020-ISO-1600-MAS-KRAV-MAGA-5-768x512.jpg 768w, https:\/\/movementarena.pl\/suwalki\/wp-content\/uploads\/2020\/06\/01252020-ISO-1600-MAS-KRAV-MAGA-5-1536x1024.jpg 1536w, https:\/\/movementarena.pl\/suwalki\/wp-content\/uploads\/2020\/06\/01252020-ISO-1600-MAS-KRAV-MAGA-5-scaled.jpg 2048w\" sizes=\"(max-width: 1024px) 100vw, 1024px\" \/>\t\t\t\t\t\t\t\t\t\t\t\t\t\t\t\t<\/a>\n\t\t\t\t\t\t\t\t\t\t\t\t\t\t\t<\/div>\n\t\t\t\t\t\t\t\t\t\t\t\t\t<div class=\"basel-gallery-item\">\n\t\t\t\t\t\t\t\t\t\t\t\t\t\t\t\t<a href=\"https:\/\/movementarena.pl\/suwalki\/wp-content\/uploads\/2020\/05\/park-trampolin-suwalki2-1024x683.jpg\" data-index=\"4\" data-width=\"1024\" data-height=\"683\"   data-rel=\"lightbox-image-3\" data-rl_title=\"\" data-rl_caption=\"\" title=\"\">\n\t\t\t\t\t\t\t\t\t\t\t\t\t\t\t\t\t<img loading=\"lazy\" decoding=\"async\" width=\"1024\" height=\"683\" src=\"https:\/\/movementarena.pl\/suwalki\/wp-content\/uploads\/2020\/05\/park-trampolin-suwalki2-1024x683.jpg\" class=\"basel-gallery-image image-4 attachment-large\" alt=\"\" srcset=\"https:\/\/movementarena.pl\/suwalki\/wp-content\/uploads\/2020\/05\/park-trampolin-suwalki2-1024x683.jpg 1024w, https:\/\/movementarena.pl\/suwalki\/wp-content\/uploads\/2020\/05\/park-trampolin-suwalki2-300x200.jpg 300w, https:\/\/movementarena.pl\/suwalki\/wp-content\/uploads\/2020\/05\/park-trampolin-suwalki2-768x512.jpg 768w, https:\/\/movementarena.pl\/suwalki\/wp-content\/uploads\/2020\/05\/park-trampolin-suwalki2-1536x1024.jpg 1536w, https:\/\/movementarena.pl\/suwalki\/wp-content\/uploads\/2020\/05\/park-trampolin-suwalki2-scaled.jpg 2048w\" sizes=\"(max-width: 1024px) 100vw, 1024px\" \/>\t\t\t\t\t\t\t\t\t\t\t\t\t\t\t\t<\/a>\n\t\t\t\t\t\t\t\t\t\t\t\t\t\t\t<\/div>\n\t\t\t\t\t\t\t\t\t\t\t\t\t\t\t<\/div>\n\t\t\t<\/div>\n\t\t\t\t\t[\/vc_column][\/vc_row][vc_row equal_height=&#8221;yes&#8221; css=&#8221;.vc_custom_1543080252010{margin-bottom: 30px !important;}&#8221;][vc_column css_animation=&#8221;bottom-to-top&#8221;][vc_custom_heading text=&#8221;<strong>FORMULARZ REZERWACJI<\/strong>&#8221; font_container=&#8221;tag:h2|text_align:center&#8221; use_theme_fonts=&#8221;yes&#8221;][vc_text_separator title=&#8221;&#8221; color=&#8221;custom&#8221; el_width=&#8221;50&#8243; accent_color=&#8221;#4e8fc7&#8243;][\/vc_column][\/vc_row][vc_row][vc_column][vc_tta_tabs alignment=&#8221;center&#8221; active_section=&#8221;1&#8243; el_class=&#8221;fixed-parent&#8221;][vc_tta_section tab_id=&#8221;1550477873622-c89ad6de-805c&#8221;][vc_row_inner][vc_column_inner][vc_custom_heading text=&#8221;Wybierz pakiet&#8221; font_container=&#8221;tag:h2|text_align:center&#8221; use_theme_fonts=&#8221;yes&#8221;][\/vc_column_inner][\/vc_row_inner][vc_row_inner][vc_column_inner][vc_raw_html]JTVCbW1hcmVuYWZvcm0lMjBpZCUzRCUyMjIyMzglMjIlMjB0eXBlJTNEJTIyd2YlMjIlNUQ=[\/vc_raw_html][\/vc_column_inner][\/vc_row_inner][\/vc_tta_section][\/vc_tta_tabs][\/vc_column][\/vc_row][vc_row full_width=&#8221;stretch_row_content_no_spaces&#8221; basel_bg_position=&#8221;center-center&#8221; css=&#8221;.vc_custom_1600439643267{margin-top: 50px !important;margin-bottom: -40px !important;padding-top: 150px !important;padding-bottom: 150px !important;background-image: url(https:\/\/movementarena.pl\/suwalki\/wp-content\/uploads\/2020\/06\/MG_7186-scaled.jpg?id=3785) !important;background-position: center !important;background-repeat: no-repeat !important;background-size: cover !important;}&#8221;][vc_column width=&#8221;1\/4&#8243;][\/vc_column][vc_column width=&#8221;1\/2&#8243;][vc_custom_heading text=&#8221;<strong>U NAS MO\u017bESZ WSZYSTKO!<\/strong>&#8221; font_container=&#8221;tag:h1|text_align:center|color:%23ffffff&#8221; use_theme_fonts=&#8221;yes&#8221;][\/vc_column][vc_column width=&#8221;1\/4&#8243;][\/vc_column][\/vc_row]<\/p>\n","protected":false},"excerpt":{"rendered":"<p>[vc_row full_width=&#8221;stretch_row&#8221; css=&#8221;.vc_custom_1557775674263{margin-top: -40px !important;background-color: #4e8fc7 !important;}&#8221; el_class=&#8221;podmenu&#8221;][vc_column width=&#8221;1\/4&#8243;][\/vc_column][vc_column width=&#8221;3\/4&#8243; css=&#8221;.vc_custom_1544358416742{padding-left: 0px !important;}&#8221;][vc_column_text]UrodzinyWycieczki\/grupySquashWej\u015bcia wolneImprezy integracyjneKarta Podarunkowa[\/vc_column_text][\/vc_column][\/vc_row][vc_row full_width=&#8221;stretch_row&#8221; content_placement=&#8221;middle&#8221; el_class=&#8221;tytul&#8221; css=&#8221;.vc_custom_1556727033693{margin-bottom:<\/p>\n","protected":false},"author":1,"featured_media":0,"parent":0,"menu_order":0,"comment_status":"closed","ping_status":"closed","template":"","meta":{"footnotes":""},"class_list":["post-2240","page","type-page","status-publish","hentry"],"amp_enabled":true,"_links":{"self":[{"href":"https:\/\/movementarena.pl\/suwalki\/wp-json\/wp\/v2\/pages\/2240","targetHints":{"allow":["GET"]}}],"collection":[{"href":"https:\/\/movementarena.pl\/suwalki\/wp-json\/wp\/v2\/pages"}],"about":[{"href":"https:\/\/movementarena.pl\/suwalki\/wp-json\/wp\/v2\/types\/page"}],"author":[{"embeddable":true,"href":"https:\/\/movementarena.pl\/suwalki\/wp-json\/wp\/v2\/users\/1"}],"replies":[{"embeddable":true,"href":"https:\/\/movementarena.pl\/suwalki\/wp-json\/wp\/v2\/comments?post=2240"}],"version-history":[{"count":18,"href":"https:\/\/movementarena.pl\/suwalki\/wp-json\/wp\/v2\/pages\/2240\/revisions"}],"predecessor-version":[{"id":4805,"href":"https:\/\/movementarena.pl\/suwalki\/wp-json\/wp\/v2\/pages\/2240\/revisions\/4805"}],"wp:attachment":[{"href":"https:\/\/movementarena.pl\/suwalki\/wp-json\/wp\/v2\/media?parent=2240"}],"curies":[{"name":"wp","href":"https:\/\/api.w.org\/{rel}","templated":true}]}}