{"id":3821,"date":"2020-07-02T22:13:20","date_gmt":"2020-07-02T20:13:20","guid":{"rendered":"https:\/\/movementarena.pl\/suwalki\/?page_id=3821"},"modified":"2022-07-20T14:30:59","modified_gmt":"2022-07-20T12:30:59","slug":"lasertag-laserowy-paintball","status":"publish","type":"page","link":"https:\/\/movementarena.pl\/suwalki\/lasertag-laserowy-paintball\/","title":{"rendered":"Lasertag &#8211; laserowy paintball"},"content":{"rendered":"<div class=\"wpb-content-wrapper\"><p>[vc_row full_width=&#8221;stretch_row&#8221; equal_height=&#8221;yes&#8221; content_placement=&#8221;middle&#8221; el_class=&#8221;tytul&#8221; css=&#8221;.vc_custom_1658234639975{margin-bottom: 10px !important;padding-top: 100px !important;padding-bottom: 100px !important;background-image: url(https:\/\/movementarena.pl\/suwalki\/wp-content\/uploads\/2020\/07\/MG_0692-scaled.jpg?id=3807) !important;background-position: center !important;background-repeat: no-repeat !important;background-size: cover !important;}&#8221;][vc_column][vc_custom_heading text=&#8221;<strong>Lasertag<\/strong>&#8221; font_container=&#8221;tag:h1|font_size:100|text_align:center|color:%2381d742&#8243; use_theme_fonts=&#8221;yes&#8221; css_animation=&#8221;slideInRight&#8221;][\/vc_column][\/vc_row][vc_row equal_height=&#8221;yes&#8221; css=&#8221;.vc_custom_1543080252010{margin-bottom: 30px !important;}&#8221;][vc_column css_animation=&#8221;bottom-to-top&#8221;][vc_custom_heading text=&#8221;<strong>Lasertag &#8211; laserowy paintball &#8211; jedyny w Suwa\u0142kach!<\/strong>&#8221; font_container=&#8221;tag:h2|text_align:center&#8221; use_theme_fonts=&#8221;yes&#8221;][vc_column_text css_animation=&#8221;none&#8221; css=&#8221;.vc_custom_1630324755551{margin-top: 50px !important;}&#8221;]<\/p>\n<h1 style=\"text-align: center;\"><a href=\"https:\/\/movementarena.pl\/suwalki\/cennik-wejscia\/\">SPRAWD\u0179 CENNIK!<\/a><\/h1>\n<p>[\/vc_column_text][vc_text_separator title=&#8221;Kawalerski, Panie\u0144ski, rodzinne spotkania, wfy&#8221; color=&#8221;custom&#8221; accent_color=&#8221;#4e8fc7&#8243;][\/vc_column][\/vc_row][vc_row full_width=&#8221;stretch_row_content&#8221; equal_height=&#8221;yes&#8221; css=&#8221;.vc_custom_1658237666212{margin-bottom: 80px !important;}&#8221;][vc_column css_animation=&#8221;bottom-to-top&#8221; width=&#8221;1\/2&#8243; css=&#8221;.vc_custom_1556638422703{margin-top: 50px !important;}&#8221;][vc_custom_heading text=&#8221;<strong>OFERUJEMY<\/strong>&#8221; font_container=&#8221;tag:h4|text_align:center|color:%23000000&#8243; use_theme_fonts=&#8221;yes&#8221; css=&#8221;.vc_custom_1556727359817{margin-top: 40px !important;margin-bottom: 60px !important;}&#8221;][vc_column_text css_animation=&#8221;none&#8221; css=&#8221;.vc_custom_1658235722391{margin-bottom: 20px !important;}&#8221;]<strong>LaserTag<\/strong>, czyli nowa atrakcja na naszym parku!<\/p>\n<p>Jest to forma laserowego <strong>paintballa<\/strong> z du\u017c\u0105 ilo\u015bci\u0105 dymu i \u015bwietnej zabawy.<\/p>\n<p><span class=\"_5yl5\">Kosmiczny labirynt to idealny pomys\u0142 na <strong>wiecz\u00f3r kawalerski<\/strong> lub <strong>panie\u0144ski<\/strong>.<br \/>\n<\/span><\/p>\n<p>Jedyna taka <strong>atrakcja<\/strong> w Suwa\u0142kach!<\/p>\n<p>Wi\u0119c nie zastanawiaj si\u0119 gdzie <strong>wyj\u015b\u0107 ze znajomymi<\/strong> w Suwa\u0142kach, tylko bukuj bilet!<\/p>\n<p><span class=\"_5yl5\">Gry dla 4 \u2013 12 os\u00f3b dru\u017cyna vs dru\u017cyna lub deathmatch (ka\u017cdy z ka\u017cdym)<\/span><\/p>\n<p>Strzelamy wi\u0105zkami lasera <em>niegro\u017anymi<\/em> dla zdrowia oraz oczu.<\/p>\n<p>Gra trwa ok. 20 minut plus 10-minutowe szkolenie jak korzysta\u0107 z broni.\u00a0 Gra przeznaczona dla dzieci od <strong>7<\/strong> roku \u017cycia.[\/vc_column_text][vc_column_text]<\/p>\n<h1><strong>ZAREZERWUJ JU\u017b TERAZ! <\/strong><\/h1>\n<h1><a href=\"tel:+48518213791\"><strong>tel.: +48 518 213 791<\/strong><\/a><\/h1>\n<p>&nbsp;<\/p>\n<h1 style=\"text-align: center;\"><strong>FAQ:<\/strong><\/h1>\n<p>[\/vc_column_text][vc_toggle title=&#8221;Jakie scenariusze gry wyr\u00f3\u017cniamy?&#8221;]1. <strong>SOLO<\/strong><br \/>\n-Gracze konkuruj\u0105 ze sob\u0105 bez podzia\u0142\u00f3w na dru\u017cyny! Ka\u017cdy jest do siebie wrogo nastawiony. Wygrywa osoba z najwi\u0119ksz\u0105 ilo\u015bci\u0105 punkt\u00f3w.<br \/>\n2. <strong>TEAM<\/strong><br \/>\n-Gracze podzieleni s\u0105 na dwie dru\u017cyny. Wygrywa dru\u017cyna, kt\u00f3ra zdob\u0119dzie wi\u0119cej punkt\u00f3w.<br \/>\n3. <strong>TRYB TURNIEJOWY (solo\/team)<\/strong><br \/>\n-Gracz otrzymuje 5 \u017cy\u0107 oraz 50 sztuk amunicji na start. Nie ma mo\u017cliwo\u015bci uzykania wi\u0119kszej ilo\u015bci \u017cy\u0107 ani amunicji. Wygrywa osoba lub dru\u017cyna, kt\u00f3ra zostanie przy \u017cyciu jako ostatnia.<br \/>\n4. <strong>Recharge On Base (team)<\/strong><br \/>\n-Dru\u017cyny zaczynaj\u0105 w przydzielonych bazach, w kt\u00f3ych dostaj\u0105 \u017cycie oraz amunicj\u0119. Za ka\u017cdym razem gdy strac\u0105 \u017cycie lub wystrzel\u0105 amunicj\u0119 musz\u0105 wr\u00f3ci\u0107 do bazy, by odrodzi\u0107 si\u0119 b\u0105d\u017a uzbroi\u0107. Wygrywa dru\u017cyna z wi\u0119ksz\u0105 ilo\u015bci\u0105 punkt\u00f3w.[\/vc_toggle][vc_toggle title=&#8221;Od ilu os\u00f3b mo\u017cna zacz\u0105\u0107 rozgrywk\u0119?&#8221;]-Minimalnie <span style=\"text-decoration: underline;\">4 osoby<\/span> maksymalnie<span style=\"text-decoration: underline;\"> 10 os\u00f3b.\u00a0<\/span><\/p>\n<p>Przy <span style=\"text-decoration: underline;\">wi\u0119kszej<\/span> ilo\u015bci os\u00f3b prosimy o kontakt z <span style=\"text-decoration: underline;\">recepcj\u0105<\/span> i spytanie o ilo\u015b\u0107 dost\u0119pnych kamizelek.[\/vc_toggle][vc_toggle title=&#8221;Jaki jest minimalny wiek gracza?&#8221;]-Zazwyczaj jest to <strong>6\/7<\/strong> lat. Dzieci w tym wieku potrafi\u0105 ju\u017c utrzyma\u0107 bro\u0144 i nie maj\u0105 obaw porusza\u0107 si\u0119 po labiryncie. Limitu wieku g\u00f3rnego nie ma &#8211; r\u00f3wnie\u017c doro\u015bli \u015bwietnie si\u0119 bawi\u0105.[\/vc_toggle][vc_toggle title=&#8221;Ile mo\u017cna stwo\u017cy\u0107 dru\u017cyn?&#8221;]-Wyr\u00f3\u017cniamy dru\u017cyn\u0119 <span style=\"color: #ff0000;\"><strong>CZERWON\u0104<\/strong><\/span> oraz <span style=\"color: #00ff00;\"><strong>ZIELON\u0104<\/strong><\/span>. Maksymalna ilo\u015b\u0107 os\u00f3b w jednej dru\u017cynie to 6 czyli jednocze\u015bnie mo\u017ce zagra\u0107 12 os\u00f3b. Zdarza si\u0119, \u017ce kt\u00f3ra\u015b kamizelka ulegnie awarii, dlatego radzimy wcze\u015bniej si\u0119 zorientowa\u0107.[\/vc_toggle][vc_toggle title=&#8221;Czy wymagane jest dokonanie rezerwacji?&#8221;]<\/p>\n<h4><span class=\"faq_text\">Nie. Jednak\u017ce dokonanie rezerwacji wyeliminuje ryzyko czekania na woln\u0105 godzin\u0119.<\/span><\/h4>\n<p>[\/vc_toggle][vc_toggle title=&#8221;Jakie panuj\u0105 zasady bezpiecze\u0144stwa?&#8221;]-Wyr\u00f3\u017cniamy 3 zasady, kt\u00f3rych nie wolno nam \u0142ama\u0107:<\/p>\n<p>A) Nie mo\u017cemy biega\u0107,<\/p>\n<p>B) Kuca\u0107<\/p>\n<p>C) K\u0142a\u015b\u0107 si\u0119.<\/p>\n<p>Przestrzeganie tych zasad jest wa\u017cne, poniewa\u017c dzi\u0119ki temu nie dojdzie do zderze\u0144, kt\u00f3re mog\u0105 uszkodzi\u0107 sprz\u0119t oraz was samych.[\/vc_toggle][vc_toggle title=&#8221;Jakie dostajemy wyposa\u017cenie?&#8221;]-Gracze dostaj\u0105 sprz\u0119t w postaci kamizelek oraz laser\u00f3w (broni). Wyposa\u017cenie posiada czujniki reaguj\u0105ce na strza\u0142y z lasera. Kamizelki \u015bwiec\u0105 si\u0119 na kolor zale\u017cny od dru\u017cyny (red\/green) do, kt\u00f3rej jest przypisany gracz. Bro\u0144 ma wbudowany g\u0142o\u015bnik oraz wy\u015bwietlacz, kt\u00f3ry informuje gracza o stanie amunicji, ilo\u015bci \u017cy\u0107, punkt\u00f3w oraz daje sygna\u0142y gdy zostaniemy trafieni i zar\u00f3wno gdy si\u0119 odrodzimy.[\/vc_toggle][vc_toggle title=&#8221;Czy oberwanie laserem boli?&#8221;]-<span style=\"text-decoration: underline;\">Nie boli!<\/span> Wska\u017anik lasera jest nieszkodliwy dla zdrowia.[\/vc_toggle][vc_toggle title=&#8221;Na jakim terenie odbywa si\u0119 gra?&#8221;]<img fetchpriority=\"high\" decoding=\"async\" class=\"alignnone wp-image-4596 size-large\" src=\"https:\/\/movementarena.pl\/suwalki\/wp-content\/uploads\/2022\/07\/LASER-MAPA-42x594Plakat-e1658238294215-1024x724.png\" alt=\"\" width=\"1024\" height=\"724\" srcset=\"https:\/\/movementarena.pl\/suwalki\/wp-content\/uploads\/2022\/07\/LASER-MAPA-42x594Plakat-e1658238294215-1024x724.png 1024w, https:\/\/movementarena.pl\/suwalki\/wp-content\/uploads\/2022\/07\/LASER-MAPA-42x594Plakat-e1658238294215-300x212.png 300w, https:\/\/movementarena.pl\/suwalki\/wp-content\/uploads\/2022\/07\/LASER-MAPA-42x594Plakat-e1658238294215-768x543.png 768w, https:\/\/movementarena.pl\/suwalki\/wp-content\/uploads\/2022\/07\/LASER-MAPA-42x594Plakat-e1658238294215-1536x1086.png 1536w, https:\/\/movementarena.pl\/suwalki\/wp-content\/uploads\/2022\/07\/LASER-MAPA-42x594Plakat-e1658238294215-2048x1448.png 2048w\" sizes=\"(max-width: 1024px) 100vw, 1024px\" \/><\/p>\n<p>&nbsp;<\/p>\n<p>-Labirynt po kt\u00f3rym, si\u0119 przemieszczacie ma powierzchnie oko\u0142o 300metr\u00f3w kwadratowych.<\/p>\n<p>Po \u015brodku znajduje si\u0119 MINA wrogo nastawiona do obu dru\u017cyn. Jest tam wiele zak\u0105tk\u00f3w do ukrycia si\u0119 i dwie bazy. Ca\u0142o\u015b\u0107 o\u015bwietla \u015bwiat\u0142o UV oraz towarzyszy nam muzyka. Wszystko to stwarza niesamowity klimat![\/vc_toggle][vc_toggle title=&#8221; Jak nale\u017cy si\u0119 ubra\u0107?&#8221;]<\/p>\n<p>-Ubi\u00f3r jest dowolny, jedyne co polecamy to gra\u0107 w wygodnych i przyczepnych butach.[\/vc_toggle][vc_toggle title=&#8221;Czy organizujemy imprezy? Jakie?&#8221;]<\/p>\n<h4>Czy laserhouse organizuje imprezy? Jakie?<\/h4>\n<h4><span class=\"faq_text\">Organizujemy wszelkiego rodzaju imprezy od urodzin dla dzieci po firmowe imprezy integracyjne a\u017c po kawalerskie i turnieje laserowe.<\/span><\/h4>\n<p>[\/vc_toggle][\/vc_column][vc_column css_animation=&#8221;top-to-bottom&#8221; width=&#8221;1\/2&#8243; css=&#8221;.vc_custom_1556637188235{margin-top: 40px !important;}&#8221;]\t\t\t<div id=\"gallery_782\" class=\"basel-images-gallery  spacing-0 columns-3 view-carousel photoswipe-images\">\n\t\t\t\t<div class=\"gallery-images owl-carousel\">\n\t\t\t\t\t\t\t\t\t\t\t\t\t\t\t\t\t\t<div class=\"basel-gallery-item\">\n\t\t\t\t\t\t\t\t\t\t\t\t\t\t\t\t<a href=\"https:\/\/movementarena.pl\/suwalki\/wp-content\/uploads\/2020\/07\/MG_0692-1024x683.jpg\" data-index=\"1\" data-width=\"1024\" data-height=\"683\"   data-rel=\"lightbox-image-0\" data-rl_title=\"\" data-rl_caption=\"\">\n\t\t\t\t\t\t\t\t\t\t\t\t\t\t\t\t\t<img decoding=\"async\" width=\"1024\" height=\"683\" src=\"https:\/\/movementarena.pl\/suwalki\/wp-content\/uploads\/2020\/07\/MG_0692-1024x683.jpg\" class=\"basel-gallery-image image-1 attachment-large\" alt=\"\" title=\"\" srcset=\"https:\/\/movementarena.pl\/suwalki\/wp-content\/uploads\/2020\/07\/MG_0692-1024x683.jpg 1024w, https:\/\/movementarena.pl\/suwalki\/wp-content\/uploads\/2020\/07\/MG_0692-300x200.jpg 300w, https:\/\/movementarena.pl\/suwalki\/wp-content\/uploads\/2020\/07\/MG_0692-768x512.jpg 768w, https:\/\/movementarena.pl\/suwalki\/wp-content\/uploads\/2020\/07\/MG_0692-1536x1025.jpg 1536w, https:\/\/movementarena.pl\/suwalki\/wp-content\/uploads\/2020\/07\/MG_0692-scaled.jpg 2048w\" sizes=\"(max-width: 1024px) 100vw, 1024px\" \/>\t\t\t\t\t\t\t\t\t\t\t\t\t\t\t\t<\/a>\n\t\t\t\t\t\t\t\t\t\t\t\t\t\t\t<\/div>\n\t\t\t\t\t\t\t\t\t\t\t\t\t<div class=\"basel-gallery-item\">\n\t\t\t\t\t\t\t\t\t\t\t\t\t\t\t\t<a href=\"https:\/\/movementarena.pl\/suwalki\/wp-content\/uploads\/2020\/07\/MG_0638-1024x683.jpg\" data-index=\"2\" data-width=\"1024\" data-height=\"683\"   data-rel=\"lightbox-image-1\" data-rl_title=\"\" data-rl_caption=\"\">\n\t\t\t\t\t\t\t\t\t\t\t\t\t\t\t\t\t<img decoding=\"async\" width=\"1024\" height=\"683\" src=\"https:\/\/movementarena.pl\/suwalki\/wp-content\/uploads\/2020\/07\/MG_0638-1024x683.jpg\" class=\"basel-gallery-image image-2 attachment-large\" alt=\"\" title=\"\" srcset=\"https:\/\/movementarena.pl\/suwalki\/wp-content\/uploads\/2020\/07\/MG_0638-1024x683.jpg 1024w, https:\/\/movementarena.pl\/suwalki\/wp-content\/uploads\/2020\/07\/MG_0638-300x200.jpg 300w, https:\/\/movementarena.pl\/suwalki\/wp-content\/uploads\/2020\/07\/MG_0638-768x512.jpg 768w, https:\/\/movementarena.pl\/suwalki\/wp-content\/uploads\/2020\/07\/MG_0638-1536x1024.jpg 1536w, https:\/\/movementarena.pl\/suwalki\/wp-content\/uploads\/2020\/07\/MG_0638-scaled.jpg 2048w\" sizes=\"(max-width: 1024px) 100vw, 1024px\" \/>\t\t\t\t\t\t\t\t\t\t\t\t\t\t\t\t<\/a>\n\t\t\t\t\t\t\t\t\t\t\t\t\t\t\t<\/div>\n\t\t\t\t\t\t\t\t\t\t\t\t\t<div class=\"basel-gallery-item\">\n\t\t\t\t\t\t\t\t\t\t\t\t\t\t\t\t<a href=\"https:\/\/movementarena.pl\/suwalki\/wp-content\/uploads\/2020\/07\/MG_0662-1024x872.jpg\" data-index=\"3\" data-width=\"1024\" data-height=\"872\"   data-rel=\"lightbox-image-2\" data-rl_title=\"\" data-rl_caption=\"\">\n\t\t\t\t\t\t\t\t\t\t\t\t\t\t\t\t\t<img loading=\"lazy\" decoding=\"async\" width=\"1024\" height=\"872\" src=\"https:\/\/movementarena.pl\/suwalki\/wp-content\/uploads\/2020\/07\/MG_0662-1024x872.jpg\" class=\"basel-gallery-image image-3 attachment-large\" alt=\"\" title=\"\" srcset=\"https:\/\/movementarena.pl\/suwalki\/wp-content\/uploads\/2020\/07\/MG_0662-1024x872.jpg 1024w, https:\/\/movementarena.pl\/suwalki\/wp-content\/uploads\/2020\/07\/MG_0662-300x255.jpg 300w, https:\/\/movementarena.pl\/suwalki\/wp-content\/uploads\/2020\/07\/MG_0662-768x654.jpg 768w, https:\/\/movementarena.pl\/suwalki\/wp-content\/uploads\/2020\/07\/MG_0662-1536x1307.jpg 1536w, https:\/\/movementarena.pl\/suwalki\/wp-content\/uploads\/2020\/07\/MG_0662-scaled.jpg 2048w\" sizes=\"(max-width: 1024px) 100vw, 1024px\" \/>\t\t\t\t\t\t\t\t\t\t\t\t\t\t\t\t<\/a>\n\t\t\t\t\t\t\t\t\t\t\t\t\t\t\t<\/div>\n\t\t\t\t\t\t\t\t\t\t\t\t\t<div class=\"basel-gallery-item\">\n\t\t\t\t\t\t\t\t\t\t\t\t\t\t\t\t<a href=\"https:\/\/movementarena.pl\/suwalki\/wp-content\/uploads\/2020\/07\/MG_0699-1024x683.jpg\" data-index=\"4\" data-width=\"1024\" data-height=\"683\"   data-rel=\"lightbox-image-3\" data-rl_title=\"\" data-rl_caption=\"\">\n\t\t\t\t\t\t\t\t\t\t\t\t\t\t\t\t\t<img loading=\"lazy\" decoding=\"async\" width=\"1024\" height=\"683\" src=\"https:\/\/movementarena.pl\/suwalki\/wp-content\/uploads\/2020\/07\/MG_0699-1024x683.jpg\" class=\"basel-gallery-image image-4 attachment-large\" alt=\"\" title=\"\" srcset=\"https:\/\/movementarena.pl\/suwalki\/wp-content\/uploads\/2020\/07\/MG_0699-1024x683.jpg 1024w, https:\/\/movementarena.pl\/suwalki\/wp-content\/uploads\/2020\/07\/MG_0699-300x200.jpg 300w, https:\/\/movementarena.pl\/suwalki\/wp-content\/uploads\/2020\/07\/MG_0699-768x512.jpg 768w, https:\/\/movementarena.pl\/suwalki\/wp-content\/uploads\/2020\/07\/MG_0699-1536x1025.jpg 1536w, https:\/\/movementarena.pl\/suwalki\/wp-content\/uploads\/2020\/07\/MG_0699-scaled.jpg 2048w\" sizes=\"(max-width: 1024px) 100vw, 1024px\" \/>\t\t\t\t\t\t\t\t\t\t\t\t\t\t\t\t<\/a>\n\t\t\t\t\t\t\t\t\t\t\t\t\t\t\t<\/div>\n\t\t\t\t\t\t\t\t\t\t\t\t\t<div class=\"basel-gallery-item\">\n\t\t\t\t\t\t\t\t\t\t\t\t\t\t\t\t<a href=\"https:\/\/movementarena.pl\/suwalki\/wp-content\/uploads\/2022\/07\/MG_1265-1024x683.jpg\" data-index=\"5\" data-width=\"1024\" data-height=\"683\"   data-rel=\"lightbox-image-4\" data-rl_title=\"\" data-rl_caption=\"\">\n\t\t\t\t\t\t\t\t\t\t\t\t\t\t\t\t\t<img loading=\"lazy\" decoding=\"async\" width=\"1024\" height=\"683\" src=\"https:\/\/movementarena.pl\/suwalki\/wp-content\/uploads\/2022\/07\/MG_1265-1024x683.jpg\" class=\"basel-gallery-image image-5 attachment-large\" alt=\"\" title=\"\" srcset=\"https:\/\/movementarena.pl\/suwalki\/wp-content\/uploads\/2022\/07\/MG_1265-1024x683.jpg 1024w, https:\/\/movementarena.pl\/suwalki\/wp-content\/uploads\/2022\/07\/MG_1265-300x200.jpg 300w, https:\/\/movementarena.pl\/suwalki\/wp-content\/uploads\/2022\/07\/MG_1265-768x512.jpg 768w, https:\/\/movementarena.pl\/suwalki\/wp-content\/uploads\/2022\/07\/MG_1265-1536x1025.jpg 1536w, https:\/\/movementarena.pl\/suwalki\/wp-content\/uploads\/2022\/07\/MG_1265-2048x1367.jpg 2048w\" sizes=\"(max-width: 1024px) 100vw, 1024px\" \/>\t\t\t\t\t\t\t\t\t\t\t\t\t\t\t\t<\/a>\n\t\t\t\t\t\t\t\t\t\t\t\t\t\t\t<\/div>\n\t\t\t\t\t\t\t\t\t\t\t\t\t\t\t<\/div>\n\t\t\t<\/div>\n\t\t\t\t\t[vc_video link=&#8221;https:\/\/youtu.be\/sCHTmC8AXsI&#8221; align=&#8221;right&#8221;][\/vc_column][\/vc_row][vc_row full_width=&#8221;stretch_row_content_no_spaces&#8221; basel_bg_position=&#8221;center-center&#8221; css=&#8221;.vc_custom_1593720775152{margin-top: 50px !important;margin-bottom: -40px !important;padding-top: 150px !important;padding-bottom: 150px !important;background-image: url(https:\/\/movementarena.pl\/suwalki\/wp-content\/uploads\/2020\/07\/MG_0700-scaled.jpg?id=3835) !important;background-position: center !important;background-repeat: no-repeat !important;background-size: cover !important;}&#8221;][vc_column width=&#8221;1\/4&#8243;][\/vc_column][vc_column width=&#8221;1\/2&#8243;][vc_custom_heading text=&#8221;<strong>U NAS MO\u017bESZ WSZYSTKO!<\/strong>&#8221; font_container=&#8221;tag:h1|text_align:center|color:%23ffffff&#8221; use_theme_fonts=&#8221;yes&#8221;][\/vc_column][vc_column width=&#8221;1\/4&#8243;][\/vc_column][\/vc_row]<\/p>\n<\/div>","protected":false},"excerpt":{"rendered":"<p>[vc_row full_width=&#8221;stretch_row&#8221; equal_height=&#8221;yes&#8221; content_placement=&#8221;middle&#8221; el_class=&#8221;tytul&#8221; css=&#8221;.vc_custom_1658234639975{margin-bottom: 10px !important;padding-top: 100px !important;padding-bottom: 100px !important;background-image: url(https:\/\/movementarena.pl\/suwalki\/wp-content\/uploads\/2020\/07\/MG_0692-scaled.jpg?id=3807) !important;background-position: center !important;background-repeat: no-repeat !important;background-size: cover !important;}&#8221;][vc_column][vc_custom_heading<\/p>\n","protected":false},"author":2,"featured_media":0,"parent":0,"menu_order":0,"comment_status":"closed","ping_status":"closed","template":"","meta":{"footnotes":""},"class_list":["post-3821","page","type-page","status-publish","hentry"],"amp_enabled":true,"_links":{"self":[{"href":"https:\/\/movementarena.pl\/suwalki\/wp-json\/wp\/v2\/pages\/3821","targetHints":{"allow":["GET"]}}],"collection":[{"href":"https:\/\/movementarena.pl\/suwalki\/wp-json\/wp\/v2\/pages"}],"about":[{"href":"https:\/\/movementarena.pl\/suwalki\/wp-json\/wp\/v2\/types\/page"}],"author":[{"embeddable":true,"href":"https:\/\/movementarena.pl\/suwalki\/wp-json\/wp\/v2\/users\/2"}],"replies":[{"embeddable":true,"href":"https:\/\/movementarena.pl\/suwalki\/wp-json\/wp\/v2\/comments?post=3821"}],"version-history":[{"count":32,"href":"https:\/\/movementarena.pl\/suwalki\/wp-json\/wp\/v2\/pages\/3821\/revisions"}],"predecessor-version":[{"id":4598,"href":"https:\/\/movementarena.pl\/suwalki\/wp-json\/wp\/v2\/pages\/3821\/revisions\/4598"}],"wp:attachment":[{"href":"https:\/\/movementarena.pl\/suwalki\/wp-json\/wp\/v2\/media?parent=3821"}],"curies":[{"name":"wp","href":"https:\/\/api.w.org\/{rel}","templated":true}]}}