{"id":5450,"date":"2025-03-07T12:37:04","date_gmt":"2025-03-07T11:37:04","guid":{"rendered":"https:\/\/movementarena.pl\/suwalki\/?page_id=5450"},"modified":"2025-03-22T12:23:33","modified_gmt":"2025-03-22T11:23:33","slug":"kadra","status":"publish","type":"page","link":"https:\/\/movementarena.pl\/suwalki\/kadra\/","title":{"rendered":"O kadrze"},"content":{"rendered":"\t\t<div data-elementor-type=\"wp-page\" data-elementor-id=\"5450\" class=\"elementor elementor-5450\" data-elementor-post-type=\"page\">\n\t\t\t\t\t\t\t<div class=\"elementor-element elementor-element-af932e3 e-flex e-con-boxed e-con e-parent\" data-id=\"af932e3\" data-element_type=\"container\" data-settings=\"{&quot;container_type&quot;:&quot;flex&quot;,&quot;content_width&quot;:&quot;boxed&quot;}\" data-core-v316-plus=\"true\">\n\t\t\t\t\t<div class=\"e-con-inner\">\n\t\t\t\t<div class=\"elementor-element elementor-element-289f7e3 elementor-widget elementor-widget-heading\" data-id=\"289f7e3\" data-element_type=\"widget\" data-widget_type=\"heading.default\">\n\t\t\t\t<div class=\"elementor-widget-container\">\n\t\t\t<style>\/*! elementor - v3.17.0 - 08-11-2023 *\/\n.elementor-heading-title{padding:0;margin:0;line-height:1}.elementor-widget-heading .elementor-heading-title[class*=elementor-size-]>a{color:inherit;font-size:inherit;line-height:inherit}.elementor-widget-heading .elementor-heading-title.elementor-size-small{font-size:15px}.elementor-widget-heading .elementor-heading-title.elementor-size-medium{font-size:19px}.elementor-widget-heading .elementor-heading-title.elementor-size-large{font-size:29px}.elementor-widget-heading .elementor-heading-title.elementor-size-xl{font-size:39px}.elementor-widget-heading .elementor-heading-title.elementor-size-xxl{font-size:59px}<\/style><h2 class=\"elementor-heading-title elementor-size-default\">Nasza kadra<\/h2>\t\t<\/div>\n\t\t\t\t<\/div>\n\t\t\t\t\t<\/div>\n\t\t\t\t<\/div>\n\t\t<div class=\"elementor-element elementor-element-d70ed71 e-flex e-con-boxed e-con e-parent\" data-id=\"d70ed71\" data-element_type=\"container\" data-settings=\"{&quot;container_type&quot;:&quot;flex&quot;,&quot;content_width&quot;:&quot;boxed&quot;}\" data-core-v316-plus=\"true\">\n\t\t\t\t\t<div class=\"e-con-inner\">\n\t\t<div class=\"elementor-element elementor-element-07700e5 e-flex e-con-boxed e-con e-child\" data-id=\"07700e5\" data-element_type=\"container\" data-settings=\"{&quot;container_type&quot;:&quot;flex&quot;,&quot;content_width&quot;:&quot;boxed&quot;}\">\n\t\t\t\t\t<div class=\"e-con-inner\">\n\t\t\t\t<div class=\"elementor-element elementor-element-3a19238 elementor-widget elementor-widget-htmega-team-member-addons\" data-id=\"3a19238\" data-element_type=\"widget\" data-widget_type=\"htmega-team-member-addons.default\">\n\t\t\t\t<div class=\"elementor-widget-container\">\n\t\t\t            <div class=\"htmega-team htmega-team-style-1 sid3a19238\" >\n\n                                    <div class=\"htmega-thumb\">\n                        <img decoding=\"async\" src=\"https:\/\/movementarena.pl\/suwalki\/wp-content\/uploads\/elementor\/thumbs\/Roziak-www-r2ila5wf59z010m48s1rk1fokf0bpktf5mjn4n93ts.jpg\" title=\"Roziak-www\" alt=\"Roziak-www\" loading=\"lazy\" \/>                        <div class=\"htmega-team-hover-action\">\n                            <div class=\"htmega-team-hover\">\n                                                                <p class=\"htmega-team-bio-info\">Pawe\u0142, w\u0142a\u015bciciel i szef Movement Areny.\nDzi\u0119ki niemu kr\u0119ci si\u0119 Movement Arena, a wraz z ni\u0105 Ziemia. \u0179r\u00f3d\u0142o u\u015bmiechu, nieustaj\u0105cej motywacji, eksplozja pomys\u0142\u00f3w i wulkan energii. Jego idee po\u0142\u0105czone z entuzjastycznym i pr\u0119\u017cnym dzia\u0142aniem to nieoceniony wk\u0142ad w rozw\u00f3j polskiego parkour. Mo\u017cna tytu\u0142owa\u0107 \"Roziak\" \ud83d\ude42<\/p>                            <\/div>\n                        <\/div>\n                    <\/div>\n                    <div class=\"htmega-team-content\">\n                        <h4 class=\"htmega-team-name\">Pawe\u0142 Roziewski<\/h4><p class=\"htmega-team-designation\">W\u0142a\u015bciciel<\/p>                    <\/div>\n                            <\/div>\n\n                \n                \n\n\n        \t\t<\/div>\n\t\t\t\t<\/div>\n\t\t\t\t\t<\/div>\n\t\t\t\t<\/div>\n\t\t<div class=\"elementor-element elementor-element-10594d3 e-flex e-con-boxed e-con e-child\" data-id=\"10594d3\" data-element_type=\"container\" data-settings=\"{&quot;container_type&quot;:&quot;flex&quot;,&quot;content_width&quot;:&quot;boxed&quot;}\">\n\t\t\t\t\t<div class=\"e-con-inner\">\n\t\t\t\t<div class=\"elementor-element elementor-element-66d8fff elementor-widget elementor-widget-htmega-team-member-addons\" data-id=\"66d8fff\" data-element_type=\"widget\" data-widget_type=\"htmega-team-member-addons.default\">\n\t\t\t\t<div class=\"elementor-widget-container\">\n\t\t\t            <div class=\"htmega-team htmega-team-style-1 sid66d8fff\" >\n\n                                    <div class=\"htmega-thumb\">\n                        <img decoding=\"async\" src=\"https:\/\/movementarena.pl\/suwalki\/wp-content\/uploads\/elementor\/thumbs\/IMG_9927-2-scaled-qcejbwh0uv2hzw8shgrl6e2htj7u0lizpp2zhc0syo.jpeg\" title=\"IMG_9927\" alt=\"IMG_9927\" loading=\"lazy\" \/>                        <div class=\"htmega-team-hover-action\">\n                            <div class=\"htmega-team-hover\">\n                                                                    <ul class=\"htmega-social-network\">\n                                                                                    <li class=\"elementor-repeater-item-8f33c89\" ><a href=\"https:\/\/www.instagram.com\/erikmodzolewski.pk\/\" target=\"_blank\" rel=\"noopener\"><i class=\"fab fa-instagram\"><\/i><\/a><\/li>\n                                                                            <\/ul>\n                                                                <p class=\"htmega-team-bio-info\">Trenuje od\u00a02012\u00a0roku. Nawet jak by\u0142 ma\u0142ym dzieckiem, lubi\u0142 wspina\u0107 si\u0119 po drzewach. Zawsze stawia przed sob\u0105 cel, do kt\u00f3rego d\u0105\u017cy. Nie ma dla niego rzeczy\u00a0niemo\u017cliwych. Im trudniejsze wyzwanie przed nim, tym ciekawszy staje si\u0119 trening, a po osi\u0105gni\u0119ciu celu wi\u0119ksza satysfakcja.\n\nPomaga\u0142 w tworzeniu\u00a0Movement Areny\u00a0od samego pocz\u0105tku i od jej startu prowadzi zaj\u0119cia\u00a0parkour i dla grup zorganizowanych.<\/p>                            <\/div>\n                        <\/div>\n                    <\/div>\n                    <div class=\"htmega-team-content\">\n                        <h4 class=\"htmega-team-name\">Erik Modzolewski<\/h4><p class=\"htmega-team-designation\">Kierownik trener\u00f3w<\/p>                    <\/div>\n                            <\/div>\n\n                \n                \n\n\n        \t\t<\/div>\n\t\t\t\t<\/div>\n\t\t\t\t\t<\/div>\n\t\t\t\t<\/div>\n\t\t<div class=\"elementor-element elementor-element-6cdc994 e-flex e-con-boxed e-con e-child\" data-id=\"6cdc994\" data-element_type=\"container\" data-settings=\"{&quot;container_type&quot;:&quot;flex&quot;,&quot;content_width&quot;:&quot;boxed&quot;}\">\n\t\t\t\t\t<div class=\"e-con-inner\">\n\t\t\t\t<div class=\"elementor-element elementor-element-5354996 elementor-widget elementor-widget-htmega-team-member-addons\" data-id=\"5354996\" data-element_type=\"widget\" data-widget_type=\"htmega-team-member-addons.default\">\n\t\t\t\t<div class=\"elementor-widget-container\">\n\t\t\t            <div class=\"htmega-team htmega-team-style-1 sid5354996\" >\n\n                                    <div class=\"htmega-thumb\">\n                        <img decoding=\"async\" src=\"https:\/\/movementarena.pl\/suwalki\/wp-content\/uploads\/elementor\/thumbs\/IMG_0131-scaled-qcei9vw0g310fngqh16sbzfcwilepalt5j80qge0m8.jpeg\" title=\"IMG_0131\" alt=\"IMG_0131\" loading=\"lazy\" \/>                        <div class=\"htmega-team-hover-action\">\n                            <div class=\"htmega-team-hover\">\n                                                                    <ul class=\"htmega-social-network\">\n                                                                                    <li class=\"elementor-repeater-item-8f33c89\" ><a href=\"https:\/\/www.instagram.com\/a.stankiewicz7\/\" target=\"_blank\" rel=\"noopener\"><i class=\"fab fa-instagram\"><\/i><\/a><\/li>\n                                                                            <\/ul>\n                                                                <p class=\"htmega-team-bio-info\">Z wykszta\u0142cenia\u00a0ratownik medyczny, pasjonat\u00a0sport\u00f3w si\u0142owych\u00a0(tj. dwub\u00f3j si\u0142owy, tr\u00f3jb\u00f3j si\u0142owy czy crossfit) .\u00a0Licencjonowany instruktor\u00a0kulturystyki oraz Kettlebell level\u00a01. Posiada rozleg\u0142\u0105 wiedz\u0119 z zakresu treningu, od\u017cywiania\u00a0oraz suplementacji. Ze sportem zwi\u0105zany od najm\u0142odszych lat.\u00a0Mistrz Polski w Tr\u00f3jboju Si\u0142owym\u00a0z roku\u00a02019 w federacji WPC. Stale rozwija wiedz\u0119 i umiej\u0119tno\u015bci zwi\u0105zane ze sportami si\u0142owymi.<\/p>                            <\/div>\n                        <\/div>\n                    <\/div>\n                    <div class=\"htmega-team-content\">\n                        <h4 class=\"htmega-team-name\">Adam Stankiewicz<\/h4><p class=\"htmega-team-designation\">Trener<\/p>                    <\/div>\n                            <\/div>\n\n                \n                \n\n\n        \t\t<\/div>\n\t\t\t\t<\/div>\n\t\t\t\t\t<\/div>\n\t\t\t\t<\/div>\n\t\t\t\t\t<\/div>\n\t\t\t\t<\/div>\n\t\t<div class=\"elementor-element elementor-element-ff02bad e-flex e-con-boxed e-con e-parent\" data-id=\"ff02bad\" data-element_type=\"container\" data-settings=\"{&quot;container_type&quot;:&quot;flex&quot;,&quot;content_width&quot;:&quot;boxed&quot;}\" data-core-v316-plus=\"true\">\n\t\t\t\t\t<div class=\"e-con-inner\">\n\t\t\t\t<div class=\"elementor-element elementor-element-4119f8d elementor-widget elementor-widget-htmega-team-member-addons\" data-id=\"4119f8d\" data-element_type=\"widget\" data-widget_type=\"htmega-team-member-addons.default\">\n\t\t\t\t<div class=\"elementor-widget-container\">\n\t\t\t            <div class=\"htmega-team htmega-team-style-1 sid4119f8d\" >\n\n                                    <div class=\"htmega-thumb\">\n                        <img decoding=\"async\" src=\"https:\/\/movementarena.pl\/suwalki\/wp-content\/uploads\/elementor\/thumbs\/IMG_1322-scaled-qcfrl6shf45potwmt67qnbwb463zeorjfqeeg9n1y8.jpeg\" title=\"IMG_1322\" alt=\"IMG_1322\" loading=\"lazy\" \/>                        <div class=\"htmega-team-hover-action\">\n                            <div class=\"htmega-team-hover\">\n                                                                <p class=\"htmega-team-bio-info\">Trenuje od 2019 roku tr\u00f3jb\u00f3j si\u0142owy. Od tego czasu po\u015bwi\u0119ca niezliczone godziny na doskonalenie swoich umiej\u0119tno\u015bci w tej dziedzinie. Rozwija si\u0119 r\u00f3wnie\u017c w kierunku masa\u017cysty poszerzaj\u0105c swoje horyzonty. Jej cierpliwo\u015b\u0107 i umiej\u0119tno\u015bci do motywowania innych s\u0105 kluczowe w jej pracy. Julia jest osob\u0105, kt\u00f3ra jednocze\u015bnie zadba o twoje cele jak i o samopoczucie. Mo\u017cecie j\u0105 spotka\u0107 prowadz\u0105c\u0105 zaj\u0119cia Movemenciaki wiek 7-8!<\/p>                            <\/div>\n                        <\/div>\n                    <\/div>\n                    <div class=\"htmega-team-content\">\n                        <h4 class=\"htmega-team-name\">Julia Jonio<\/h4><p class=\"htmega-team-designation\">Trenerka<\/p>                    <\/div>\n                            <\/div>\n\n                \n                \n\n\n        \t\t<\/div>\n\t\t\t\t<\/div>\n\t\t\t\t<div class=\"elementor-element elementor-element-beda524 elementor-widget elementor-widget-htmega-team-member-addons\" data-id=\"beda524\" data-element_type=\"widget\" data-widget_type=\"htmega-team-member-addons.default\">\n\t\t\t\t<div class=\"elementor-widget-container\">\n\t\t\t            <div class=\"htmega-team htmega-team-style-1 sidbeda524\" >\n\n                                    <div class=\"htmega-thumb\">\n                        <img decoding=\"async\" src=\"https:\/\/movementarena.pl\/suwalki\/wp-content\/uploads\/elementor\/thumbs\/IMG_2768-scaled-qcmu9kk7fqze6wbhw98bdpyjgwbj3qlvz0hfenl6e8.jpeg\" title=\"IMG_2768\" alt=\"IMG_2768\" loading=\"lazy\" \/>                        <div class=\"htmega-team-hover-action\">\n                            <div class=\"htmega-team-hover\">\n                                                                <p class=\"htmega-team-bio-info\">Specjalizuje si\u0119 g\u0142\u00f3wnie w kalistenice i streetworkoucie. Od 2020 roku intensywnie rozwija swoje umiej\u0119tno\u015bci w dziedzinie gimnastyki og\u00f3lnorozwojowej. Posiada r\u00f3wnie\u017c wykszta\u0142cenie z zakresu Wychowania Fizycznego, zdobyte na Akademii Wychowania Fizycznego w Krakowie, gdzie uko\u0144czy\u0142 kierunek z profilem trener personalny. Posiada uprawnienia instruktora snowboardu z certyfikacj\u0105 SITS, co \u015bwiadczy o jej wszechstronno\u015bci w dziedzinie sportu i aktywno\u015bci fizycznej.<\/p>                            <\/div>\n                        <\/div>\n                    <\/div>\n                    <div class=\"htmega-team-content\">\n                        <h4 class=\"htmega-team-name\">Mateusz Szuli\u0144ski<\/h4><p class=\"htmega-team-designation\">Trener<\/p>                    <\/div>\n                            <\/div>\n\n                \n                \n\n\n        \t\t<\/div>\n\t\t\t\t<\/div>\n\t\t\t\t<div class=\"elementor-element elementor-element-0562d49 elementor-widget elementor-widget-htmega-team-member-addons\" data-id=\"0562d49\" data-element_type=\"widget\" data-widget_type=\"htmega-team-member-addons.default\">\n\t\t\t\t<div class=\"elementor-widget-container\">\n\t\t\t            <div class=\"htmega-team htmega-team-style-1 sid0562d49\" >\n\n                                    <div class=\"htmega-thumb\">\n                        <img decoding=\"async\" src=\"https:\/\/movementarena.pl\/suwalki\/wp-content\/uploads\/elementor\/thumbs\/IMG_9941-2-scaled-qcej37grn160lqvg97gtm320082lte0dinuao6wwio.jpeg\" title=\"IMG_9941\" alt=\"IMG_9941\" loading=\"lazy\" \/>                        <div class=\"htmega-team-hover-action\">\n                            <div class=\"htmega-team-hover\">\n                                                                    <ul class=\"htmega-social-network\">\n                                                                                    <li class=\"elementor-repeater-item-8f33c89\" ><a href=\"https:\/\/www.instagram.com\/adrian.ren_coach\/\" target=\"_blank\" rel=\"noopener\"><i class=\"fab fa-instagram\"><\/i><\/a><\/li>\n                                                                            <\/ul>\n                                                                <p class=\"htmega-team-bio-info\">Jest na naszej arenie trenerem\u00a0akrobatyki. \u0106wiczy ok.\u00a015 lat w tym ok. 4 lat\u00a0akrobatyk\u0119. Jest\u00a0za\u0142o\u017cycielem\u00a0najwi\u0119kszego\u00a0Parkour Parku w Polsce\u00a0wraz ze stowarzyszeniem\u00a0The Parkour One. Absolwent pedagogiki i psychologii oraz \u015bwietny nauczyciel. Jest stanowczy i bardzo wymagaj\u0105cy, ale mo\u017cna si\u0119 od niego wiele nauczy\u0107.<\/p>                            <\/div>\n                        <\/div>\n                    <\/div>\n                    <div class=\"htmega-team-content\">\n                        <h4 class=\"htmega-team-name\">Adrian Rentel<\/h4><p class=\"htmega-team-designation\">Trener<\/p>                    <\/div>\n                            <\/div>\n\n                \n                \n\n\n        \t\t<\/div>\n\t\t\t\t<\/div>\n\t\t\t\t\t<\/div>\n\t\t\t\t<\/div>\n\t\t\t\t\t\t\t<\/div>\n\t\t","protected":false},"excerpt":{"rendered":"<p>Nasza kadra Pawe\u0142, w\u0142a\u015bciciel i szef Movement Areny. Dzi\u0119ki niemu kr\u0119ci si\u0119 Movement Arena, a wraz z ni\u0105 Ziemia. \u0179r\u00f3d\u0142o<\/p>\n","protected":false},"author":2,"featured_media":0,"parent":0,"menu_order":0,"comment_status":"closed","ping_status":"closed","template":"elementor_header_footer","meta":{"footnotes":""},"class_list":["post-5450","page","type-page","status-publish","hentry"],"amp_enabled":false,"_links":{"self":[{"href":"https:\/\/movementarena.pl\/suwalki\/wp-json\/wp\/v2\/pages\/5450","targetHints":{"allow":["GET"]}}],"collection":[{"href":"https:\/\/movementarena.pl\/suwalki\/wp-json\/wp\/v2\/pages"}],"about":[{"href":"https:\/\/movementarena.pl\/suwalki\/wp-json\/wp\/v2\/types\/page"}],"author":[{"embeddable":true,"href":"https:\/\/movementarena.pl\/suwalki\/wp-json\/wp\/v2\/users\/2"}],"replies":[{"embeddable":true,"href":"https:\/\/movementarena.pl\/suwalki\/wp-json\/wp\/v2\/comments?post=5450"}],"version-history":[{"count":22,"href":"https:\/\/movementarena.pl\/suwalki\/wp-json\/wp\/v2\/pages\/5450\/revisions"}],"predecessor-version":[{"id":5545,"href":"https:\/\/movementarena.pl\/suwalki\/wp-json\/wp\/v2\/pages\/5450\/revisions\/5545"}],"wp:attachment":[{"href":"https:\/\/movementarena.pl\/suwalki\/wp-json\/wp\/v2\/media?parent=5450"}],"curies":[{"name":"wp","href":"https:\/\/api.w.org\/{rel}","templated":true}]}}